{"id":3153,"date":"2025-10-18T22:12:05","date_gmt":"2025-10-18T22:12:05","guid":{"rendered":"https:\/\/wavexia.com\/product\/medicube-pdrn-pink-peptide-eye-cream-30ml\/"},"modified":"2026-03-10T07:30:53","modified_gmt":"2026-03-10T07:30:53","slug":"medicube-pdrn-pink-peptide-eye-cream-30ml","status":"publish","type":"product","link":"https:\/\/wavexia.com\/?product=medicube-pdrn-pink-peptide-eye-cream-30ml","title":{"rendered":"medicube PDRN Pink Peptide Eye Cream 30ml"},"content":{"rendered":"<h2>Description<\/h2>\n<p class=\"prs-paragraph\">Remplie du complexe PDRN extrait de saumon, de r\u00e9tinol et de peptides, cette cr\u00e8me lisse les rides et ridules et r\u00e9duit les poches autour des yeux. Il contient \u00e9galement de la niacinamide, de la caf\u00e9ine et de l\u2019extrait de racine de curcuma pour fournir une hydratation suppl\u00e9mentaire et \u00e9claircir le contour des yeux.<\/p>\n<p class=\"prs-paragraph\">Avantages:<\/p>\n<p class=\"prs-paragraph\">Formul\u00e9e avec de la niacinamide, des peptides, du r\u00e9tinol et du PDRN d\u00e9riv\u00e9 du saumon, cette cr\u00e8me aide \u00e0 r\u00e9duire l\u2019apparence des cernes et \u00e0 am\u00e9liorer l\u2019apparence du contour des yeux terne gr\u00e2ce \u00e0 une hydratation intense.<\/p>\n<p class=\"prs-paragraph\">Les essais ont montr\u00e9 une am\u00e9lioration de 2,87 % de la fermet\u00e9 de la peau autour des yeux et une augmentation de 22,5 % de l\u2019hydratation apr\u00e8s une semaine d\u2019utilisation.<\/p>\n<p class=\"prs-paragraph\">Il a une texture l\u00e9g\u00e8re et non collante qui p\u00e9n\u00e8tre rapidement sur la peau pour fournir une hydratation et une nutrition efficaces.<\/p>\n<p class=\"prs-paragraph\"><strong>Mode d\u2019emploi :<\/strong><\/p>\n<div class=\"prs-list\">\n<ol>\n<li>Dans la derni\u00e8re \u00e9tape de votre routine de soins de la peau, appliquez une quantit\u00e9 mod\u00e9r\u00e9e de cr\u00e8me autour des yeux.<\/li>\n<li>Tapotez doucement pour am\u00e9liorer l\u2019absorption.<\/li>\n<\/ol>\n<p>&nbsp;<\/p>\n<p><strong>Ingr\u00e9dients:<\/strong><\/p>\n<p><span>Eau, glyc\u00e9rine, dipropyl\u00e8ne glycol, niacinamide, triglyc\u00e9ride caprylique\/caprique, t\u00e9tra\u00e9thylhexanoate de penta\u00e9rythrityle, alcool c\u00e9t\u00e9arylique, glyc\u00e9reth-26, dicaprylate\/dicaprate de butyl\u00e8ne glycol, dim\u00e9thyle de bis-b\u00e9henyl\/isost\u00e9aryle\/dim\u00e8re de phytost\u00e9ryle, dilinol\u00e9ate de dilinoleyle, olivate de c\u00e9t\u00e9aryle, olivate de sorbitan, dibenzoate de propyl\u00e8ne glycol, pullulan, 1,2-hexanediol, st\u00e9arate de glyc\u00e9ryle, dim\u00e9thicone de vinyle, hydroxyac\u00e9toph\u00e9none, copolym\u00e8re d\u2019acrylate d\u2019hydroxy\u00e9thyle\/acryloyldim\u00e9thyl taurate de sodium, hydrog\u00e9n\u00e9 L\u00e9cithine, copolym\u00e8re d\u2019acrylate de sodium\/acryloyldim\u00e9thyl taurate de sodium, ADN sodique, polyisobut\u00e8ne, butyl\u00e8ne glycol, \u00e9thylhexylglyc\u00e9rine, propanediol, extrait de feuille de Melia Azadirachta, ad\u00e9nosine, extrait de fleur de Melia Azadirachta, extrait de racine de Curcuma Longa (curcuma), isost\u00e9arate de sorbitan, ol\u00e9ate de sorbitan, caprylyle\/capryl glucoside, extrait de fruit de Fragaria chiloensis (fraise), extrait de feuille\/tige d\u2019Hedera Helix (lierre), cyanocobalamine, extrait d\u2019\u00e9corce de Citrus Nobilis (mandarine), r\u00e9tinol, Ocimum sanctum Extrait de feuille, extrait de feuille\/tige de Lespedeza Capitata, extrait de Corallina Officinalis, hyaluronate de sodium, caf\u00e9ine, extrait de graines de Coffea Arabica (caf\u00e9), extensine hydrolys\u00e9e, acide hyaluronique hydrolys\u00e9, tripeptide de cuivre-1, hyaluronate ac\u00e9tyl\u00e9 de sodium, ac\u00e9tylhexapeptide d\u2019ac\u00e9tyle-8, pentapeptide palmitoyl-4, t\u00e9trapeptide-7 palmitoyl, tripeptide-1<\/span><\/p>\n<p>&nbsp;<\/p>\n<\/div>\n","protected":false},"excerpt":{"rendered":"<p>Description Remplie du complexe PDRN extrait de saumon, de r\u00e9tinol et de peptides, cette cr\u00e8me lisse les rides et ridules et r\u00e9duit les poches autour des yeux. Il contient \u00e9galement de la niacinamide, de la caf\u00e9ine et de l\u2019extrait de racine de curcuma pour fournir une hydratation suppl\u00e9mentaire et \u00e9claircir le contour des yeux. Avantages: [&hellip;]<\/p>\n","protected":false},"featured_media":3152,"comment_status":"open","ping_status":"closed","template":"","meta":{"content-type":"","_uag_custom_page_level_css":""},"pwb-brand":[],"product_brand":[],"product_cat":[352,327,349,328,334],"product_tag":[],"class_list":{"0":"post-3153","1":"product","2":"type-product","3":"status-publish","4":"has-post-thumbnail","6":"product_cat-contour-des-yeux","7":"product_cat-hmizat","8":"product_cat-medicube","9":"product_cat-nouveautes","10":"product_cat-produits-coreens","12":"first","13":"instock","14":"sale","15":"shipping-taxable","16":"purchasable","17":"product-type-simple"},"aioseo_notices":[],"uagb_featured_image_src":{"full":["https:\/\/wavexia.com\/wp-content\/uploads\/2025\/10\/61g9IyjgR0L.jpg",1600,1600,false],"thumbnail":["https:\/\/wavexia.com\/wp-content\/uploads\/2025\/10\/61g9IyjgR0L-150x150.jpg",150,150,true],"medium":["https:\/\/wavexia.com\/wp-content\/uploads\/2025\/10\/61g9IyjgR0L-300x300.jpg",300,300,true],"medium_large":["https:\/\/wavexia.com\/wp-content\/uploads\/2025\/10\/61g9IyjgR0L-768x768.jpg",768,768,true],"large":["https:\/\/wavexia.com\/wp-content\/uploads\/2025\/10\/61g9IyjgR0L-1024x1024.jpg",1024,1024,true],"1536x1536":["https:\/\/wavexia.com\/wp-content\/uploads\/2025\/10\/61g9IyjgR0L-1536x1536.jpg",1536,1536,true],"2048x2048":["https:\/\/wavexia.com\/wp-content\/uploads\/2025\/10\/61g9IyjgR0L.jpg",1600,1600,false],"woocommerce_archive_thumbnail":["https:\/\/wavexia.com\/wp-content\/uploads\/2025\/10\/61g9IyjgR0L-300x300.jpg",300,300,true],"woocommerce_thumbnail":["https:\/\/wavexia.com\/wp-content\/uploads\/2025\/10\/61g9IyjgR0L-300x300.jpg",300,300,true],"woocommerce_single":["https:\/\/wavexia.com\/wp-content\/uploads\/2025\/10\/61g9IyjgR0L-600x600.jpg",600,600,true],"woocommerce_gallery_thumbnail":["https:\/\/wavexia.com\/wp-content\/uploads\/2025\/10\/61g9IyjgR0L-100x100.jpg",100,100,true]},"uagb_author_info":{"display_name":"zineddine.ayoub98@gmail.com","author_link":"https:\/\/wavexia.com\/?author=0"},"uagb_comment_info":0,"uagb_excerpt":"Description Remplie du complexe PDRN extrait de saumon, de r\u00e9tinol et de peptides, cette cr\u00e8me lisse les rides et ridules et r\u00e9duit les poches autour des yeux. Il contient \u00e9galement de la niacinamide, de la caf\u00e9ine et de l\u2019extrait de racine de curcuma pour fournir une hydratation suppl\u00e9mentaire et \u00e9claircir le contour des yeux. Avantages:&hellip;","brands":[],"_links":{"self":[{"href":"https:\/\/wavexia.com\/index.php?rest_route=\/wp\/v2\/product\/3153","targetHints":{"allow":["GET"]}}],"collection":[{"href":"https:\/\/wavexia.com\/index.php?rest_route=\/wp\/v2\/product"}],"about":[{"href":"https:\/\/wavexia.com\/index.php?rest_route=\/wp\/v2\/types\/product"}],"replies":[{"embeddable":true,"href":"https:\/\/wavexia.com\/index.php?rest_route=%2Fwp%2Fv2%2Fcomments&post=3153"}],"wp:featuredmedia":[{"embeddable":true,"href":"https:\/\/wavexia.com\/index.php?rest_route=\/wp\/v2\/media\/3152"}],"wp:attachment":[{"href":"https:\/\/wavexia.com\/index.php?rest_route=%2Fwp%2Fv2%2Fmedia&parent=3153"}],"wp:term":[{"taxonomy":"pwb-brand","embeddable":true,"href":"https:\/\/wavexia.com\/index.php?rest_route=%2Fwp%2Fv2%2Fpwb-brand&post=3153"},{"taxonomy":"product_brand","embeddable":true,"href":"https:\/\/wavexia.com\/index.php?rest_route=%2Fwp%2Fv2%2Fproduct_brand&post=3153"},{"taxonomy":"product_cat","embeddable":true,"href":"https:\/\/wavexia.com\/index.php?rest_route=%2Fwp%2Fv2%2Fproduct_cat&post=3153"},{"taxonomy":"product_tag","embeddable":true,"href":"https:\/\/wavexia.com\/index.php?rest_route=%2Fwp%2Fv2%2Fproduct_tag&post=3153"}],"curies":[{"name":"wp","href":"https:\/\/api.w.org\/{rel}","templated":true}]}}