{"id":3141,"date":"2025-10-18T22:11:49","date_gmt":"2025-10-18T22:11:49","guid":{"rendered":"https:\/\/wavexia.com\/product\/anua-niacinamide-5-txa-brightening-pad-210ml-60-pads\/"},"modified":"2026-03-10T07:30:53","modified_gmt":"2026-03-10T07:30:53","slug":"anua-niacinamide-5-txa-brightening-pad-210ml-60-pads","status":"publish","type":"product","link":"https:\/\/wavexia.com\/?product=anua-niacinamide-5-txa-brightening-pad-210ml-60-pads","title":{"rendered":"Anua Niacinamide 5 TXA Brightening Pad 210ml 60 pads"},"content":{"rendered":"<h2>Description<\/h2>\n<div class=\"productDetailPage_productInfoBox__1cs9X\">\n<section>Le Anua Niacinamide 5 TXA Brightening Pad offre une solution pratique et efficace pour raviver l\u2019\u00e9clat des peaux ternes et uniformiser le teint. Impr\u00e9gn\u00e9s d\u2019un puissant complexe associant 5\u202f% de niacinamide et de l\u2019acide tranexamique, ces disques pr\u00e9-humidifi\u00e9s contribuent \u00e0 illuminer visiblement la peau, \u00e0 r\u00e9duire l\u2019apparence des taches brunes et \u00e0 apaiser les marques post-imperfections. Leur forme en croissant \u00e9pouse parfaitement les zones du visage comme le contour des yeux et les pommettes, pour un soin cibl\u00e9 des zones sujettes aux taches et \u00e0 la s\u00e9cheresse.<br \/>En plus de leur action \u00e9claircissante, ces pads polyvalents offrent une exfoliation douce et une hydratation en profondeur. Gr\u00e2ce au PHA et \u00e0 la vitamine B12 rose, ils affinent le grain de peau, redonnent de l\u2019\u00e9clat et aident \u00e0 retrouver une texture lisse et souple. Adapt\u00e9s \u00e0 une utilisation quotidienne, ils s\u2019int\u00e8grent aussi bien dans la routine du matin que du soir\u202f: utilis\u00e9s comme tonique express ou laiss\u00e9s poser en mini-masque pour un coup d\u2019\u00e9clat intensif et apaisant.<\/section>\n<p>Ce produit convient \u00e0 tous les types de peaux, m\u00eame les plus sensibles et surtout aux peaux ternes.<\/p>\n<h5>les avantages:<\/h5>\n<p>Fournit des soins \u00e9claircissants et hydratants pour la \u00ab zone demi-lune \u00bb \u2013 du dessous des yeux aux joues \u2013 o\u00f9 la peau est sujette \u00e0 la s\u00e9cheresse et \u00e0 la d\u00e9coloration.<\/p>\n<h5>mode d\u2019emploi:<\/h5>\n<p>Apr\u00e8s le nettoyage, appliquez le tampon sur les zones pr\u00e9occupantes et laissez-le agir pendant 10 \u00e0 20 minutes comme un masque. Essuyez ensuite doucement sur le visage pour lisser et rafra\u00eechir votre peau. Convient pour un usage quotidien, matin et soir.<\/p>\n<h5>ingr\u00e9dients:<\/h5>\n<p>Eau, butyl\u00e8ne glycol, glyc\u00e9reth-26, niacinamide, glyc\u00e9rine, hydroxy\u00e9thylur\u00e9e, 1,2-hexanediol, collag\u00e8ne hydrolys\u00e9, extrait de fruit de Terminalia Ferdinandiana, succinate de di\u00e9thoxy\u00e9thyle, hydroxyac\u00e9toph\u00e9none, glycosyl tr\u00e9halose, hydrolysat d\u2019amidon hydrog\u00e9n\u00e9, extrait de feuille de Melia Azadirachta, extrait de fleur de Melia Azadirachta, extrait de fruit de Coccinia Indica, extrait de fleur d\u2019Aloe Barbadensis, extrait de fruit de Solanum Melongena (aubergine), extrait de feuille d\u2019Ocimum sanctum, extrait de Corallina Officinalis, Curcuma Extrait de racine de longa (curcuma), isost\u00e9arate de glyc\u00e9reth-25 PCA, propanediol, acide hyaluronique, acide hyaluronique hydrolys\u00e9, hyaluronate de sodium, extrait de noyau de Zea Mays (ma\u00efs), fructane, glucose, \u00e9thylhexylglyc\u00e9rine, gomme xanthane, ad\u00e9nosine, extrait de racine de Coptis Japonica, extrait de collag\u00e8ne, ADN sodique, EDTA disodique, l\u00e9cithine, ac\u00e9tyl glutamine, extrait de bacille\/ferment de soja, caprylyl glycol, acide folique, hexapeptide-11, oligopeptide-1, oligopeptide-2, oligopeptide-3<\/p>\n<\/div>\n","protected":false},"excerpt":{"rendered":"<p>Description Le Anua Niacinamide 5 TXA Brightening Pad offre une solution pratique et efficace pour raviver l\u2019\u00e9clat des peaux ternes et uniformiser le teint. Impr\u00e9gn\u00e9s d\u2019un puissant complexe associant 5\u202f% de niacinamide et de l\u2019acide tranexamique, ces disques pr\u00e9-humidifi\u00e9s contribuent \u00e0 illuminer visiblement la peau, \u00e0 r\u00e9duire l\u2019apparence des taches brunes et \u00e0 apaiser les [&hellip;]<\/p>\n","protected":false},"featured_media":3140,"comment_status":"open","ping_status":"closed","template":"","meta":{"content-type":"","_uag_custom_page_level_css":""},"pwb-brand":[],"product_brand":[],"product_cat":[344,327,328,334,345],"product_tag":[],"class_list":{"0":"post-3141","1":"product","2":"type-product","3":"status-publish","4":"has-post-thumbnail","6":"product_cat-anua","7":"product_cat-hmizat","8":"product_cat-nouveautes","9":"product_cat-produits-coreens","10":"product_cat-toner-pads","12":"first","13":"instock","14":"sale","15":"shipping-taxable","16":"purchasable","17":"product-type-simple"},"aioseo_notices":[],"uagb_featured_image_src":{"full":["https:\/\/wavexia.com\/wp-content\/uploads\/2025\/10\/ANUA_Niacinamide_5_TXA_Brightening_Pad-4.webp",1000,1200,false],"thumbnail":["https:\/\/wavexia.com\/wp-content\/uploads\/2025\/10\/ANUA_Niacinamide_5_TXA_Brightening_Pad-4-150x150.webp",150,150,true],"medium":["https:\/\/wavexia.com\/wp-content\/uploads\/2025\/10\/ANUA_Niacinamide_5_TXA_Brightening_Pad-4-250x300.webp",250,300,true],"medium_large":["https:\/\/wavexia.com\/wp-content\/uploads\/2025\/10\/ANUA_Niacinamide_5_TXA_Brightening_Pad-4-768x922.webp",768,922,true],"large":["https:\/\/wavexia.com\/wp-content\/uploads\/2025\/10\/ANUA_Niacinamide_5_TXA_Brightening_Pad-4-853x1024.webp",853,1024,true],"1536x1536":["https:\/\/wavexia.com\/wp-content\/uploads\/2025\/10\/ANUA_Niacinamide_5_TXA_Brightening_Pad-4.webp",1000,1200,false],"2048x2048":["https:\/\/wavexia.com\/wp-content\/uploads\/2025\/10\/ANUA_Niacinamide_5_TXA_Brightening_Pad-4.webp",1000,1200,false],"woocommerce_archive_thumbnail":["https:\/\/wavexia.com\/wp-content\/uploads\/2025\/10\/ANUA_Niacinamide_5_TXA_Brightening_Pad-4-300x360.webp",300,360,true],"woocommerce_thumbnail":["https:\/\/wavexia.com\/wp-content\/uploads\/2025\/10\/ANUA_Niacinamide_5_TXA_Brightening_Pad-4-300x300.webp",300,300,true],"woocommerce_single":["https:\/\/wavexia.com\/wp-content\/uploads\/2025\/10\/ANUA_Niacinamide_5_TXA_Brightening_Pad-4-600x720.webp",600,720,true],"woocommerce_gallery_thumbnail":["https:\/\/wavexia.com\/wp-content\/uploads\/2025\/10\/ANUA_Niacinamide_5_TXA_Brightening_Pad-4-100x100.webp",100,100,true]},"uagb_author_info":{"display_name":"zineddine.ayoub98@gmail.com","author_link":"https:\/\/wavexia.com\/?author=0"},"uagb_comment_info":0,"uagb_excerpt":"Description Le Anua Niacinamide 5 TXA Brightening Pad offre une solution pratique et efficace pour raviver l\u2019\u00e9clat des peaux ternes et uniformiser le teint. Impr\u00e9gn\u00e9s d\u2019un puissant complexe associant 5\u202f% de niacinamide et de l\u2019acide tranexamique, ces disques pr\u00e9-humidifi\u00e9s contribuent \u00e0 illuminer visiblement la peau, \u00e0 r\u00e9duire l\u2019apparence des taches brunes et \u00e0 apaiser les&hellip;","brands":[],"_links":{"self":[{"href":"https:\/\/wavexia.com\/index.php?rest_route=\/wp\/v2\/product\/3141","targetHints":{"allow":["GET"]}}],"collection":[{"href":"https:\/\/wavexia.com\/index.php?rest_route=\/wp\/v2\/product"}],"about":[{"href":"https:\/\/wavexia.com\/index.php?rest_route=\/wp\/v2\/types\/product"}],"replies":[{"embeddable":true,"href":"https:\/\/wavexia.com\/index.php?rest_route=%2Fwp%2Fv2%2Fcomments&post=3141"}],"wp:featuredmedia":[{"embeddable":true,"href":"https:\/\/wavexia.com\/index.php?rest_route=\/wp\/v2\/media\/3140"}],"wp:attachment":[{"href":"https:\/\/wavexia.com\/index.php?rest_route=%2Fwp%2Fv2%2Fmedia&parent=3141"}],"wp:term":[{"taxonomy":"pwb-brand","embeddable":true,"href":"https:\/\/wavexia.com\/index.php?rest_route=%2Fwp%2Fv2%2Fpwb-brand&post=3141"},{"taxonomy":"product_brand","embeddable":true,"href":"https:\/\/wavexia.com\/index.php?rest_route=%2Fwp%2Fv2%2Fproduct_brand&post=3141"},{"taxonomy":"product_cat","embeddable":true,"href":"https:\/\/wavexia.com\/index.php?rest_route=%2Fwp%2Fv2%2Fproduct_cat&post=3141"},{"taxonomy":"product_tag","embeddable":true,"href":"https:\/\/wavexia.com\/index.php?rest_route=%2Fwp%2Fv2%2Fproduct_tag&post=3141"}],"curies":[{"name":"wp","href":"https:\/\/api.w.org\/{rel}","templated":true}]}}