{"id":3134,"date":"2025-10-18T22:11:42","date_gmt":"2025-10-18T22:11:42","guid":{"rendered":"https:\/\/wavexia.com\/product\/acretin-0-05-cream-30g\/"},"modified":"2026-03-10T07:30:53","modified_gmt":"2026-03-10T07:30:53","slug":"acretin-0-05-cream-30g","status":"publish","type":"product","link":"https:\/\/wavexia.com\/?product=acretin-0-05-cream-30g","title":{"rendered":"Acretin 0.05% Cream, 30g"},"content":{"rendered":"<h2>Description<\/h2>\n<p>Acretin 0.05% Cream pour Acne est un m\u00e9dicament approuv\u00e9 pour traiter l\u2019acn\u00e9 vulgaire. Il exfolie en douceur la peau et aide \u00e0 r\u00e9duire l\u2019apparence des points noirs, des points blancs et des boutons pour offrir une apparence plus claire et lisse. Utilisez ce m\u00e9dicament selon les instructions du m\u00e9decin pour une utilisation s\u00fbre et efficace.<\/p>\n","protected":false},"excerpt":{"rendered":"<p>Description Acretin 0.05% Cream pour Acne est un m\u00e9dicament approuv\u00e9 pour traiter l\u2019acn\u00e9 vulgaire. Il exfolie en douceur la peau et aide \u00e0 r\u00e9duire l\u2019apparence des points noirs, des points blancs et des boutons pour offrir une apparence plus claire et lisse. Utilisez ce m\u00e9dicament selon les instructions du m\u00e9decin pour une utilisation s\u00fbre et [&hellip;]<\/p>\n","protected":false},"featured_media":3133,"comment_status":"open","ping_status":"closed","template":"","meta":{"content-type":"","_uag_custom_page_level_css":""},"pwb-brand":[],"product_brand":[],"product_cat":[322,327,329],"product_tag":[],"class_list":{"0":"post-3134","1":"product","2":"type-product","3":"status-publish","4":"has-post-thumbnail","6":"product_cat-corps-bain","7":"product_cat-hmizat","8":"product_cat-produits-americains","10":"first","11":"instock","12":"sale","13":"shipping-taxable","14":"purchasable","15":"product-type-simple"},"aioseo_notices":[],"uagb_featured_image_src":{"full":["https:\/\/wavexia.com\/wp-content\/uploads\/2025\/10\/61fa424b1c79b23b750d7c19_acretin-cr-005-30gm-for-acne_800-removebg-preview.webp",500,500,false],"thumbnail":["https:\/\/wavexia.com\/wp-content\/uploads\/2025\/10\/61fa424b1c79b23b750d7c19_acretin-cr-005-30gm-for-acne_800-removebg-preview-150x150.webp",150,150,true],"medium":["https:\/\/wavexia.com\/wp-content\/uploads\/2025\/10\/61fa424b1c79b23b750d7c19_acretin-cr-005-30gm-for-acne_800-removebg-preview-300x300.webp",300,300,true],"medium_large":["https:\/\/wavexia.com\/wp-content\/uploads\/2025\/10\/61fa424b1c79b23b750d7c19_acretin-cr-005-30gm-for-acne_800-removebg-preview.webp",500,500,false],"large":["https:\/\/wavexia.com\/wp-content\/uploads\/2025\/10\/61fa424b1c79b23b750d7c19_acretin-cr-005-30gm-for-acne_800-removebg-preview.webp",500,500,false],"1536x1536":["https:\/\/wavexia.com\/wp-content\/uploads\/2025\/10\/61fa424b1c79b23b750d7c19_acretin-cr-005-30gm-for-acne_800-removebg-preview.webp",500,500,false],"2048x2048":["https:\/\/wavexia.com\/wp-content\/uploads\/2025\/10\/61fa424b1c79b23b750d7c19_acretin-cr-005-30gm-for-acne_800-removebg-preview.webp",500,500,false],"woocommerce_archive_thumbnail":["https:\/\/wavexia.com\/wp-content\/uploads\/2025\/10\/61fa424b1c79b23b750d7c19_acretin-cr-005-30gm-for-acne_800-removebg-preview-300x300.webp",300,300,true],"woocommerce_thumbnail":["https:\/\/wavexia.com\/wp-content\/uploads\/2025\/10\/61fa424b1c79b23b750d7c19_acretin-cr-005-30gm-for-acne_800-removebg-preview-300x300.webp",300,300,true],"woocommerce_single":["https:\/\/wavexia.com\/wp-content\/uploads\/2025\/10\/61fa424b1c79b23b750d7c19_acretin-cr-005-30gm-for-acne_800-removebg-preview.webp",500,500,false],"woocommerce_gallery_thumbnail":["https:\/\/wavexia.com\/wp-content\/uploads\/2025\/10\/61fa424b1c79b23b750d7c19_acretin-cr-005-30gm-for-acne_800-removebg-preview-100x100.webp",100,100,true]},"uagb_author_info":{"display_name":"zineddine.ayoub98@gmail.com","author_link":"https:\/\/wavexia.com\/?author=0"},"uagb_comment_info":0,"uagb_excerpt":"Description Acretin 0.05% Cream pour Acne est un m\u00e9dicament approuv\u00e9 pour traiter l\u2019acn\u00e9 vulgaire. Il exfolie en douceur la peau et aide \u00e0 r\u00e9duire l\u2019apparence des points noirs, des points blancs et des boutons pour offrir une apparence plus claire et lisse. Utilisez ce m\u00e9dicament selon les instructions du m\u00e9decin pour une utilisation s\u00fbre et&hellip;","brands":[],"_links":{"self":[{"href":"https:\/\/wavexia.com\/index.php?rest_route=\/wp\/v2\/product\/3134","targetHints":{"allow":["GET"]}}],"collection":[{"href":"https:\/\/wavexia.com\/index.php?rest_route=\/wp\/v2\/product"}],"about":[{"href":"https:\/\/wavexia.com\/index.php?rest_route=\/wp\/v2\/types\/product"}],"replies":[{"embeddable":true,"href":"https:\/\/wavexia.com\/index.php?rest_route=%2Fwp%2Fv2%2Fcomments&post=3134"}],"wp:featuredmedia":[{"embeddable":true,"href":"https:\/\/wavexia.com\/index.php?rest_route=\/wp\/v2\/media\/3133"}],"wp:attachment":[{"href":"https:\/\/wavexia.com\/index.php?rest_route=%2Fwp%2Fv2%2Fmedia&parent=3134"}],"wp:term":[{"taxonomy":"pwb-brand","embeddable":true,"href":"https:\/\/wavexia.com\/index.php?rest_route=%2Fwp%2Fv2%2Fpwb-brand&post=3134"},{"taxonomy":"product_brand","embeddable":true,"href":"https:\/\/wavexia.com\/index.php?rest_route=%2Fwp%2Fv2%2Fproduct_brand&post=3134"},{"taxonomy":"product_cat","embeddable":true,"href":"https:\/\/wavexia.com\/index.php?rest_route=%2Fwp%2Fv2%2Fproduct_cat&post=3134"},{"taxonomy":"product_tag","embeddable":true,"href":"https:\/\/wavexia.com\/index.php?rest_route=%2Fwp%2Fv2%2Fproduct_tag&post=3134"}],"curies":[{"name":"wp","href":"https:\/\/api.w.org\/{rel}","templated":true}]}}