{"id":3088,"date":"2025-10-18T22:11:05","date_gmt":"2025-10-18T22:11:05","guid":{"rendered":"https:\/\/wavexia.com\/product\/benefit-precisely-my-brow-pencil-crayon-sourcils-ref-5\/"},"modified":"2026-03-10T07:30:52","modified_gmt":"2026-03-10T07:30:52","slug":"benefit-precisely-my-brow-pencil-crayon-sourcils-ref-5","status":"publish","type":"product","link":"https:\/\/wavexia.com\/?product=benefit-precisely-my-brow-pencil-crayon-sourcils-ref-5","title":{"rendered":"Benefit Precisely, My Brow Pencil \u2013 Crayon Sourcils R\u00e9f 5"},"content":{"rendered":"<h2>Description<\/h2>\n<p>D\u00e9couvrez&nbsp;<b>le crayon sourcils best-seller ultra-pr\u00e9cis Precisely, My Brow<\/b>&nbsp;Pencil de Benefit pour d\u00e9finir et dessiner vos sourcils en toute facilit\u00e9 et avec pr\u00e9cision !<br \/>Sa mine ultra-fine permet de tracer des traits imitant les sourcils (effet poil \u00e0 poil) pour un r\u00e9sultat pr\u00e9cis et bluffant de naturel.<\/p>\n<p><b>\u2013 Dessine et d\u00e9fini les souricls<br \/>\u2013 Mine r\u00e9tractable ultra-fine et pr\u00e9cise<\/b><b><br \/><\/b>\u2013 Goupillon int\u00e9grer pour sculpter vos sourcils<br \/>\u2013 Grip de contr\u00f4le sur le crayon pour une prise en main parfaite<br \/>\u2013 Couleur intense qui ne coule pas. 12 teintes faciles \u00e0 choisir<br \/>\u2013 Pour tout type de sourcils<br \/>\u2013 Format&nbsp; voyage \u00e0 emporter partout avec vous<\/p>\n<p>Comment l\u2019utiliser ?<br \/>Dessinez des petits traits le long de l\u2019arc du sourcil pour combler les manques pour un effet pr\u00e9cis et naturel.<\/p>\n","protected":false},"excerpt":{"rendered":"<p>Description D\u00e9couvrez&nbsp;le crayon sourcils best-seller ultra-pr\u00e9cis Precisely, My Brow&nbsp;Pencil de Benefit pour d\u00e9finir et dessiner vos sourcils en toute facilit\u00e9 et avec pr\u00e9cision !Sa mine ultra-fine permet de tracer des traits imitant les sourcils (effet poil \u00e0 poil) pour un r\u00e9sultat pr\u00e9cis et bluffant de naturel. \u2013 Dessine et d\u00e9fini les souricls\u2013 Mine r\u00e9tractable ultra-fine [&hellip;]<\/p>\n","protected":false},"featured_media":3087,"comment_status":"open","ping_status":"closed","template":"","meta":{"content-type":"","_uag_custom_page_level_css":""},"pwb-brand":[],"product_brand":[],"product_cat":[384,360],"product_tag":[],"class_list":{"0":"post-3088","1":"product","2":"type-product","3":"status-publish","4":"has-post-thumbnail","6":"product_cat-benefit","7":"product_cat-maquillage","9":"first","10":"instock","11":"sale","12":"shipping-taxable","13":"purchasable","14":"product-type-simple"},"aioseo_notices":[],"uagb_featured_image_src":{"full":["https:\/\/wavexia.com\/wp-content\/uploads\/2025\/10\/Main_825840_full_preciselymybrow_shade3-5.webp",624,624,false],"thumbnail":["https:\/\/wavexia.com\/wp-content\/uploads\/2025\/10\/Main_825840_full_preciselymybrow_shade3-5-150x150.webp",150,150,true],"medium":["https:\/\/wavexia.com\/wp-content\/uploads\/2025\/10\/Main_825840_full_preciselymybrow_shade3-5-300x300.webp",300,300,true],"medium_large":["https:\/\/wavexia.com\/wp-content\/uploads\/2025\/10\/Main_825840_full_preciselymybrow_shade3-5.webp",624,624,false],"large":["https:\/\/wavexia.com\/wp-content\/uploads\/2025\/10\/Main_825840_full_preciselymybrow_shade3-5.webp",624,624,false],"1536x1536":["https:\/\/wavexia.com\/wp-content\/uploads\/2025\/10\/Main_825840_full_preciselymybrow_shade3-5.webp",624,624,false],"2048x2048":["https:\/\/wavexia.com\/wp-content\/uploads\/2025\/10\/Main_825840_full_preciselymybrow_shade3-5.webp",624,624,false],"woocommerce_archive_thumbnail":["https:\/\/wavexia.com\/wp-content\/uploads\/2025\/10\/Main_825840_full_preciselymybrow_shade3-5-300x300.webp",300,300,true],"woocommerce_thumbnail":["https:\/\/wavexia.com\/wp-content\/uploads\/2025\/10\/Main_825840_full_preciselymybrow_shade3-5-300x300.webp",300,300,true],"woocommerce_single":["https:\/\/wavexia.com\/wp-content\/uploads\/2025\/10\/Main_825840_full_preciselymybrow_shade3-5-600x600.webp",600,600,true],"woocommerce_gallery_thumbnail":["https:\/\/wavexia.com\/wp-content\/uploads\/2025\/10\/Main_825840_full_preciselymybrow_shade3-5-100x100.webp",100,100,true]},"uagb_author_info":{"display_name":"zineddine.ayoub98@gmail.com","author_link":"https:\/\/wavexia.com\/?author=0"},"uagb_comment_info":0,"uagb_excerpt":"Description D\u00e9couvrez&nbsp;le crayon sourcils best-seller ultra-pr\u00e9cis Precisely, My Brow&nbsp;Pencil de Benefit pour d\u00e9finir et dessiner vos sourcils en toute facilit\u00e9 et avec pr\u00e9cision !Sa mine ultra-fine permet de tracer des traits imitant les sourcils (effet poil \u00e0 poil) pour un r\u00e9sultat pr\u00e9cis et bluffant de naturel. \u2013 Dessine et d\u00e9fini les souricls\u2013 Mine r\u00e9tractable ultra-fine&hellip;","brands":[],"_links":{"self":[{"href":"https:\/\/wavexia.com\/index.php?rest_route=\/wp\/v2\/product\/3088","targetHints":{"allow":["GET"]}}],"collection":[{"href":"https:\/\/wavexia.com\/index.php?rest_route=\/wp\/v2\/product"}],"about":[{"href":"https:\/\/wavexia.com\/index.php?rest_route=\/wp\/v2\/types\/product"}],"replies":[{"embeddable":true,"href":"https:\/\/wavexia.com\/index.php?rest_route=%2Fwp%2Fv2%2Fcomments&post=3088"}],"wp:featuredmedia":[{"embeddable":true,"href":"https:\/\/wavexia.com\/index.php?rest_route=\/wp\/v2\/media\/3087"}],"wp:attachment":[{"href":"https:\/\/wavexia.com\/index.php?rest_route=%2Fwp%2Fv2%2Fmedia&parent=3088"}],"wp:term":[{"taxonomy":"pwb-brand","embeddable":true,"href":"https:\/\/wavexia.com\/index.php?rest_route=%2Fwp%2Fv2%2Fpwb-brand&post=3088"},{"taxonomy":"product_brand","embeddable":true,"href":"https:\/\/wavexia.com\/index.php?rest_route=%2Fwp%2Fv2%2Fproduct_brand&post=3088"},{"taxonomy":"product_cat","embeddable":true,"href":"https:\/\/wavexia.com\/index.php?rest_route=%2Fwp%2Fv2%2Fproduct_cat&post=3088"},{"taxonomy":"product_tag","embeddable":true,"href":"https:\/\/wavexia.com\/index.php?rest_route=%2Fwp%2Fv2%2Fproduct_tag&post=3088"}],"curies":[{"name":"wp","href":"https:\/\/api.w.org\/{rel}","templated":true}]}}