{"id":2979,"date":"2025-10-18T22:09:41","date_gmt":"2025-10-18T22:09:41","guid":{"rendered":"https:\/\/wavexia.com\/product\/medicube-collagen-firming-sun-cream-50spf-pa-50ml\/"},"modified":"2026-03-10T07:30:51","modified_gmt":"2026-03-10T07:30:51","slug":"medicube-collagen-firming-sun-cream-50spf-pa-50ml","status":"publish","type":"product","link":"https:\/\/wavexia.com\/?product=medicube-collagen-firming-sun-cream-50spf-pa-50ml","title":{"rendered":"MEDICUBE Collagen Firming Sun Cream 50+SPF PA++++ 50ml"},"content":{"rendered":"<h2>Description<\/h2>\n<div align=\"left\">Cette cr\u00e8me solaire tonifiante au collag\u00e8ne avec SPF50+ PA+++ offre une cr\u00e8me solaire tonique fra\u00eeche avec le collag\u00e8ne brevet\u00e9.<\/p>\n<div align=\"left\">Offre un teint naturel avec la p\u00eache, couleur claire qui adh\u00e8re bien \u00e0 la peau.<\/div>\n<div align=\"left\">\u00c9cran solaire \u00e0 triple fonction avec am\u00e9lioration des rides, blanchiment et protection UV.<\/div>\n<div align=\"left\">5000PPM de quatre types de complexe de collag\u00e8ne qui offre une hydratation de l\u2019int\u00e9rieur de la peau en une seule fois.<\/div>\n<div align=\"left\">Le complexe d\u2019acides amin\u00e9s, l\u2019aqua-c\u00e9ramide et le complexe d\u2019acide hyaluronique offrent de l\u2019hydratation, prot\u00e8gent la barri\u00e8re cutan\u00e9e et hydratent la peau.<\/div>\n<div align=\"left\">Faible irritation test\u00e9e pour les peaux sensibles.<\/div>\n<div>\n<div><\/div>\n<div class=\"pro_infor_title_style\"><strong>Mode d\u2019emploi<\/strong><\/div>\n<div>Apr\u00e8s avoir pris soin de la texture de la peau, appliquez uniform\u00e9ment sur les zones facilement expos\u00e9es aux rayons ultraviolets et tapotez doucement pour absorber.<\/div>\n<div><\/div>\n<\/div>\n<div><strong>Ingredients<\/strong><br \/>Purified water, propanediol, titanium dioxide (CI 77891), butyloctyl salicylate, isononyl isononanoate, C12-15 alkyl benzoate, coco-caprylate\/caprate, acrylate copolymer, diethyl Aminohydroxybenzoylhexylbenzoate, diisostearyl maleate, dipentaerythrityl hexaC5-9 acid ester, niacinamide, polyglyceryl-6stearate, C14-22 alcohol, Chlorella vulgaris extract, sodium hyaluronic acid. Nate, *hydrolized collagen (59.9ppm), *water-soluble collagen (10ppm), *collagen (5ppm), *collagen extract (1ppm), hydrolyzed hyaluronic acid, hyaluronic acid, ethyl Hexyltriazone, *1,2-hexanediol, polyhydroxystearic acid, methylenebis-benzotriazolyltetramethylbutylphenol, aluminum hydroxide, panthenol, potassium cetyl phosphate, polyacrylate-13, stear. Rick acid, C12-20 alkyl glucoside, ammonium acryloyl dimethyl taurate\/V picopolymer, hydroxyacetophenone, polyisobutene, glucose, polyglyceryl-6 behenate, *butylene glycol, fructooligo Saccharide, fructose, polyglyceryl-2dipolyhydroxystearate, hydroxyethyl acrylate\/sodium acryloyldimethyl taurate copolymer, decyl glucoside, isododecane, octyldodecanol, adenosine, Polysorbate 20, *glycerin, sorbitan isostearate, polyglyceryl-4 isostearate, isopropyl titanium triisostearate, ethylhexylglycerin, caprylic\/capric triglyceride, hydrogenated lecithin, Glycine, serine, glutamic acid, ceramide NP, benzyl glycol, aspartic acid, leucine, hydrolyzed glycosaminoglycan, alanine, lysine, arginine, tyrosine, phenylalanine, proline, threonine, valine, Isoleucine, histidine, cysteine, methionine, sodium hyaluronate crosspolymer, hydroxypropyl trimonium hyaluronate, sodium stearoyl glutamate, sodium acetylated hyaluronate, behenyl alcohol, xanthan gum, Sodium EDTA, fragrance, yellow iron oxide (CI 77492), red iron oxide (CI 77491) *4 types of collagen complex 5,000PPM<\/div>\n<\/div>\n","protected":false},"excerpt":{"rendered":"<p>Description Cette cr\u00e8me solaire tonifiante au collag\u00e8ne avec SPF50+ PA+++ offre une cr\u00e8me solaire tonique fra\u00eeche avec le collag\u00e8ne brevet\u00e9. Offre un teint naturel avec la p\u00eache, couleur claire qui adh\u00e8re bien \u00e0 la peau. \u00c9cran solaire \u00e0 triple fonction avec am\u00e9lioration des rides, blanchiment et protection UV. 5000PPM de quatre types de complexe de [&hellip;]<\/p>\n","protected":false},"featured_media":2978,"comment_status":"open","ping_status":"closed","template":"","meta":{"content-type":"","_uag_custom_page_level_css":""},"pwb-brand":[],"product_brand":[],"product_cat":[327,349,334,340],"product_tag":[],"class_list":{"0":"post-2979","1":"product","2":"type-product","3":"status-publish","4":"has-post-thumbnail","6":"product_cat-hmizat","7":"product_cat-medicube","8":"product_cat-produits-coreens","9":"product_cat-protection-solaire","11":"first","12":"instock","13":"sale","14":"shipping-taxable","15":"purchasable","16":"product-type-simple"},"aioseo_notices":[],"uagb_featured_image_src":{"full":["https:\/\/wavexia.com\/wp-content\/uploads\/2025\/10\/s-l1200-2.jpg",1000,1000,false],"thumbnail":["https:\/\/wavexia.com\/wp-content\/uploads\/2025\/10\/s-l1200-2-150x150.jpg",150,150,true],"medium":["https:\/\/wavexia.com\/wp-content\/uploads\/2025\/10\/s-l1200-2-300x300.jpg",300,300,true],"medium_large":["https:\/\/wavexia.com\/wp-content\/uploads\/2025\/10\/s-l1200-2-768x768.jpg",768,768,true],"large":["https:\/\/wavexia.com\/wp-content\/uploads\/2025\/10\/s-l1200-2.jpg",1000,1000,false],"1536x1536":["https:\/\/wavexia.com\/wp-content\/uploads\/2025\/10\/s-l1200-2.jpg",1000,1000,false],"2048x2048":["https:\/\/wavexia.com\/wp-content\/uploads\/2025\/10\/s-l1200-2.jpg",1000,1000,false],"woocommerce_archive_thumbnail":["https:\/\/wavexia.com\/wp-content\/uploads\/2025\/10\/s-l1200-2-300x300.jpg",300,300,true],"woocommerce_thumbnail":["https:\/\/wavexia.com\/wp-content\/uploads\/2025\/10\/s-l1200-2-300x300.jpg",300,300,true],"woocommerce_single":["https:\/\/wavexia.com\/wp-content\/uploads\/2025\/10\/s-l1200-2-600x600.jpg",600,600,true],"woocommerce_gallery_thumbnail":["https:\/\/wavexia.com\/wp-content\/uploads\/2025\/10\/s-l1200-2-100x100.jpg",100,100,true]},"uagb_author_info":{"display_name":"zineddine.ayoub98@gmail.com","author_link":"https:\/\/wavexia.com\/?author=0"},"uagb_comment_info":0,"uagb_excerpt":"Description Cette cr\u00e8me solaire tonifiante au collag\u00e8ne avec SPF50+ PA+++ offre une cr\u00e8me solaire tonique fra\u00eeche avec le collag\u00e8ne brevet\u00e9. Offre un teint naturel avec la p\u00eache, couleur claire qui adh\u00e8re bien \u00e0 la peau. \u00c9cran solaire \u00e0 triple fonction avec am\u00e9lioration des rides, blanchiment et protection UV. 5000PPM de quatre types de complexe de&hellip;","brands":[],"_links":{"self":[{"href":"https:\/\/wavexia.com\/index.php?rest_route=\/wp\/v2\/product\/2979","targetHints":{"allow":["GET"]}}],"collection":[{"href":"https:\/\/wavexia.com\/index.php?rest_route=\/wp\/v2\/product"}],"about":[{"href":"https:\/\/wavexia.com\/index.php?rest_route=\/wp\/v2\/types\/product"}],"replies":[{"embeddable":true,"href":"https:\/\/wavexia.com\/index.php?rest_route=%2Fwp%2Fv2%2Fcomments&post=2979"}],"wp:featuredmedia":[{"embeddable":true,"href":"https:\/\/wavexia.com\/index.php?rest_route=\/wp\/v2\/media\/2978"}],"wp:attachment":[{"href":"https:\/\/wavexia.com\/index.php?rest_route=%2Fwp%2Fv2%2Fmedia&parent=2979"}],"wp:term":[{"taxonomy":"pwb-brand","embeddable":true,"href":"https:\/\/wavexia.com\/index.php?rest_route=%2Fwp%2Fv2%2Fpwb-brand&post=2979"},{"taxonomy":"product_brand","embeddable":true,"href":"https:\/\/wavexia.com\/index.php?rest_route=%2Fwp%2Fv2%2Fproduct_brand&post=2979"},{"taxonomy":"product_cat","embeddable":true,"href":"https:\/\/wavexia.com\/index.php?rest_route=%2Fwp%2Fv2%2Fproduct_cat&post=2979"},{"taxonomy":"product_tag","embeddable":true,"href":"https:\/\/wavexia.com\/index.php?rest_route=%2Fwp%2Fv2%2Fproduct_tag&post=2979"}],"curies":[{"name":"wp","href":"https:\/\/api.w.org\/{rel}","templated":true}]}}