{"id":2948,"date":"2025-10-18T22:09:17","date_gmt":"2025-10-18T22:09:17","guid":{"rendered":"https:\/\/wavexia.com\/product\/celimax-poredark-spot-brightening-care-sunscreen-50ml\/"},"modified":"2026-03-10T07:30:51","modified_gmt":"2026-03-10T07:30:51","slug":"celimax-poredark-spot-brightening-care-sunscreen-50ml","status":"publish","type":"product","link":"https:\/\/wavexia.com\/?product=celimax-poredark-spot-brightening-care-sunscreen-50ml","title":{"rendered":"Celimax Pore+Dark Spot Brightening Care Sunscreen 50ml"},"content":{"rendered":"<h2>Description<\/h2>\n<p class=\"\" data-start=\"0\" data-end=\"65\">Une cr\u00e8me solaire chimique \u00e0 la formule avanc\u00e9e adapt\u00e9e aux peaux sujettes \u00e0 la pigmentation !<\/p>\n<p class=\"\" data-start=\"67\" data-end=\"318\">SPF50+ PA++++ pour une protection maximale contre les rayons<br data-start=\"119\" data-end=\"122\">nocifs du soleil Enrichi en acide tranexamique et en niacinamide pour \u00e9claircir les taches brunes et unifier le<br data-start=\"205\" data-end=\"208\">teint Contient du panth\u00e9nol pour apaiser la peau et r\u00e9duire l\u2019inflammation<br data-start=\"264\" data-end=\"267\">Texture l\u00e9g\u00e8re absorbe rapidement sans texture grasse ni traces blanches<\/p>\n<p class=\"\" data-start=\"320\" data-end=\"441\">Parfait pour une utilisation quotidienne sous le maquillage ou seul !<br data-start=\"368\" data-end=\"371\">Obtenez une peau prot\u00e9g\u00e9e, \u00e9clatante et \u00e9quilibr\u00e9e d\u00e8s la premi\u00e8re \u00e9tape de votre routine matinale.<\/p>\n<h5 data-start=\"320\" data-end=\"441\"><b><span dir=\"RTL\" lang=\"AR-SA\">Mode d\u2019emploi<\/span><\/b>&nbsp;<b>:<\/b><\/h5>\n<p style=\"font-weight: 400;\">Utilisez suffisamment de cr\u00e8me solaire pour couvrir toute la peau expos\u00e9e. En r\u00e8gle g\u00e9n\u00e9rale, une quantit\u00e9 de la taille de deux doigts suffit pour couvrir tout le visage.<\/p>\n<p style=\"font-weight: 400;\">Utilis\u00e9 le matin avant l\u2019exposition au soleil dans 15 minutes,<b><strong><br \/><\/strong><\/b>il est recommand\u00e9 de r\u00e9appliquer de la cr\u00e8me solaire toutes les deux heures, ou plus souvent si vous nagez, transpirez ou vous essuyez le visage.<\/p>\n<h5>ingr\u00e9dients:<\/h5>\n<p>Eau, Propanediol, Adipate de dibutyle, Niacinamide, Polym\u00e9thylsilsesquioxane, S\u00e9bacate de diisopropyle, Benzoate de di\u00e9thylaminohydroxylbenzoyle hexyle, Triazone d\u2019\u00e9thylhexyle, M\u00e9thyl\u00e8ne bis-benzotriazolyl t\u00e9tram\u00e9thylbutylph\u00e9nol, Coco-Caprylate\/Caprate, Di\u00e9thylhexyl Butamido Triazone, 1,2-Hexanediol, Butyl\u00e8ne glycol, Acide tranexamique, Caprylyl M\u00e9thicone, Pentyl\u00e8ne glycol, Alcool b\u00e9h\u00e9nylique, Poly C10-30 Alkyl Acrylate, Glyc\u00e9rine, Dist\u00e9arate de polyglyc\u00e9ryl-3 m\u00e9thylglucose, D\u00e9cyl Glucoside, Trom\u00e9thamine, Carbom\u00e8re, acrylates\/C10-30 Alkyl Acrylate Crosspolymer, Panth\u00e9nol, Sodium Stearoyl Glutamate, Polyacrylate Crosspolymer-6, Ethylhexylglyc\u00e9rine, Ad\u00e9nosine, Gomme xanthane, Tocoph\u00e9rol, Polyglyceryl-4 Isost\u00e9arate, Extrait de feuille d\u2019Eriobotrya Japonica, Triglyc\u00e9ride caprylique\/caprique, Acide citrique, Hectorite de Disteardimonium, Extrait de Mentha Viridis (Menthe Verte), Querc\u00e9tine<\/p>\n<p>&nbsp;<\/p>\n<p>&nbsp;<\/p>\n<p>&nbsp;<\/p>\n<p data-start=\"320\" data-end=\"441\">\n","protected":false},"excerpt":{"rendered":"<p>Description Une cr\u00e8me solaire chimique \u00e0 la formule avanc\u00e9e adapt\u00e9e aux peaux sujettes \u00e0 la pigmentation ! SPF50+ PA++++ pour une protection maximale contre les rayonsnocifs du soleil Enrichi en acide tranexamique et en niacinamide pour \u00e9claircir les taches brunes et unifier leteint Contient du panth\u00e9nol pour apaiser la peau et r\u00e9duire l\u2019inflammationTexture l\u00e9g\u00e8re absorbe [&hellip;]<\/p>\n","protected":false},"featured_media":2828,"comment_status":"open","ping_status":"closed","template":"","meta":{"content-type":"","_uag_custom_page_level_css":""},"pwb-brand":[],"product_brand":[],"product_cat":[333,327,328,334,340],"product_tag":[],"class_list":{"0":"post-2948","1":"product","2":"type-product","3":"status-publish","4":"has-post-thumbnail","6":"product_cat-celimax","7":"product_cat-hmizat","8":"product_cat-nouveautes","9":"product_cat-produits-coreens","10":"product_cat-protection-solaire","12":"first","13":"instock","14":"sale","15":"shipping-taxable","16":"purchasable","17":"product-type-simple"},"aioseo_notices":[],"uagb_featured_image_src":{"full":["https:\/\/wavexia.com\/wp-content\/uploads\/2025\/10\/K-Beauty_Store_Giftcard-332.webp",1080,1080,false],"thumbnail":["https:\/\/wavexia.com\/wp-content\/uploads\/2025\/10\/K-Beauty_Store_Giftcard-332-150x150.webp",150,150,true],"medium":["https:\/\/wavexia.com\/wp-content\/uploads\/2025\/10\/K-Beauty_Store_Giftcard-332-300x300.webp",300,300,true],"medium_large":["https:\/\/wavexia.com\/wp-content\/uploads\/2025\/10\/K-Beauty_Store_Giftcard-332-768x768.webp",768,768,true],"large":["https:\/\/wavexia.com\/wp-content\/uploads\/2025\/10\/K-Beauty_Store_Giftcard-332-1024x1024.webp",1024,1024,true],"1536x1536":["https:\/\/wavexia.com\/wp-content\/uploads\/2025\/10\/K-Beauty_Store_Giftcard-332.webp",1080,1080,false],"2048x2048":["https:\/\/wavexia.com\/wp-content\/uploads\/2025\/10\/K-Beauty_Store_Giftcard-332.webp",1080,1080,false],"woocommerce_archive_thumbnail":["https:\/\/wavexia.com\/wp-content\/uploads\/2025\/10\/K-Beauty_Store_Giftcard-332-300x300.webp",300,300,true],"woocommerce_thumbnail":["https:\/\/wavexia.com\/wp-content\/uploads\/2025\/10\/K-Beauty_Store_Giftcard-332-300x300.webp",300,300,true],"woocommerce_single":["https:\/\/wavexia.com\/wp-content\/uploads\/2025\/10\/K-Beauty_Store_Giftcard-332-600x600.webp",600,600,true],"woocommerce_gallery_thumbnail":["https:\/\/wavexia.com\/wp-content\/uploads\/2025\/10\/K-Beauty_Store_Giftcard-332-100x100.webp",100,100,true]},"uagb_author_info":{"display_name":"zineddine.ayoub98@gmail.com","author_link":"https:\/\/wavexia.com\/?author=0"},"uagb_comment_info":0,"uagb_excerpt":"Description Une cr\u00e8me solaire chimique \u00e0 la formule avanc\u00e9e adapt\u00e9e aux peaux sujettes \u00e0 la pigmentation ! SPF50+ PA++++ pour une protection maximale contre les rayonsnocifs du soleil Enrichi en acide tranexamique et en niacinamide pour \u00e9claircir les taches brunes et unifier leteint Contient du panth\u00e9nol pour apaiser la peau et r\u00e9duire l\u2019inflammationTexture l\u00e9g\u00e8re absorbe&hellip;","brands":[],"_links":{"self":[{"href":"https:\/\/wavexia.com\/index.php?rest_route=\/wp\/v2\/product\/2948","targetHints":{"allow":["GET"]}}],"collection":[{"href":"https:\/\/wavexia.com\/index.php?rest_route=\/wp\/v2\/product"}],"about":[{"href":"https:\/\/wavexia.com\/index.php?rest_route=\/wp\/v2\/types\/product"}],"replies":[{"embeddable":true,"href":"https:\/\/wavexia.com\/index.php?rest_route=%2Fwp%2Fv2%2Fcomments&post=2948"}],"wp:featuredmedia":[{"embeddable":true,"href":"https:\/\/wavexia.com\/index.php?rest_route=\/wp\/v2\/media\/2828"}],"wp:attachment":[{"href":"https:\/\/wavexia.com\/index.php?rest_route=%2Fwp%2Fv2%2Fmedia&parent=2948"}],"wp:term":[{"taxonomy":"pwb-brand","embeddable":true,"href":"https:\/\/wavexia.com\/index.php?rest_route=%2Fwp%2Fv2%2Fpwb-brand&post=2948"},{"taxonomy":"product_brand","embeddable":true,"href":"https:\/\/wavexia.com\/index.php?rest_route=%2Fwp%2Fv2%2Fproduct_brand&post=2948"},{"taxonomy":"product_cat","embeddable":true,"href":"https:\/\/wavexia.com\/index.php?rest_route=%2Fwp%2Fv2%2Fproduct_cat&post=2948"},{"taxonomy":"product_tag","embeddable":true,"href":"https:\/\/wavexia.com\/index.php?rest_route=%2Fwp%2Fv2%2Fproduct_tag&post=2948"}],"curies":[{"name":"wp","href":"https:\/\/api.w.org\/{rel}","templated":true}]}}