{"id":2947,"date":"2025-10-18T22:09:17","date_gmt":"2025-10-18T22:09:17","guid":{"rendered":"https:\/\/wavexia.com\/product\/anua-ultra-thin-spot-cover-patch-75-unites\/"},"modified":"2026-03-10T07:30:51","modified_gmt":"2026-03-10T07:30:51","slug":"anua-ultra-thin-spot-cover-patch-75-unites","status":"publish","type":"product","link":"https:\/\/wavexia.com\/?product=anua-ultra-thin-spot-cover-patch-75-unites","title":{"rendered":"Anua \u2013 Ultra-Thin Spot Cover Patch (75 unit\u00e9s)"},"content":{"rendered":"<h2>Description<\/h2>\n<ul class=\"a-unordered-list a-vertical a-spacing-mini\">\n<li class=\"a-spacing-mini\"><span class=\"a-list-item\">[75 COMPTES DE PATCHS] Les patchs hydrocollo\u00efdes ultra-minces de 0,25 mm absorbent les impuret\u00e9s, offrent une couverture parfaite et se d\u00e9collent facilement. 2 types (10 mm, 15 mm) de zones cibles, offrant des soins abordables et fiables.<\/span><\/li>\n<li class=\"a-spacing-mini\"><span class=\"a-list-item\">[FINITION INVISIBLE NATURELLE] Les patchs mats se fondent naturellement sur la peau, conviennent \u00e0 une utilisation matin et soir, et offrent une couverture homog\u00e8ne sous le maquillage.<\/span><\/li>\n<li class=\"a-spacing-mini\"><span class=\"a-list-item\">[FORMULE DOUCE MAIS EFFICACE] L\u2019hydrocollo\u00efde extrait l\u2019huile et les r\u00e9sidus de la tache, tandis que la Centella aide \u00e0 apaiser les rougeurs caus\u00e9es par la s\u00e9cheresse et les c\u00e9ramides aident \u00e0 maintenir la barri\u00e8re d\u2019hydratation de la peau pour une apparence plus claire.<\/span><\/li>\n<li class=\"a-spacing-mini\"><span class=\"a-list-item\">[R\u00c9SULTATS CLINIQUEMENT PROUV\u00c9S] Test\u00e9 pour ses propri\u00e9t\u00e9s non com\u00e9dog\u00e8nes, hypoallerg\u00e9niques et non irritantes. Convient pour apaiser les peaux tout en \u00e9tant s\u00fbr et efficace pour les peaux sensibles.<\/span><\/li>\n<li class=\"a-spacing-mini\"><span class=\"a-list-item\">[MODE D\u2019EMPLOI] Nettoyez et s\u00e9chez la zone avant l\u2019application. Appliquez un patch directement sur la zone localis\u00e9e. Laisser agir pendant 6 \u00e0 8 heures ou toute la nuit. Pour de meilleurs r\u00e9sultats, pelez apr\u00e8s que le patch soit devenu blanc.<\/span><\/li>\n<\/ul>\n","protected":false},"excerpt":{"rendered":"<p>Description [75 COMPTES DE PATCHS] Les patchs hydrocollo\u00efdes ultra-minces de 0,25 mm absorbent les impuret\u00e9s, offrent une couverture parfaite et se d\u00e9collent facilement. 2 types (10 mm, 15 mm) de zones cibles, offrant des soins abordables et fiables. [FINITION INVISIBLE NATURELLE] Les patchs mats se fondent naturellement sur la peau, conviennent \u00e0 une utilisation matin [&hellip;]<\/p>\n","protected":false},"featured_media":2825,"comment_status":"open","ping_status":"closed","template":"","meta":{"content-type":"","_uag_custom_page_level_css":""},"pwb-brand":[],"product_brand":[],"product_cat":[344,327,339,348,334],"product_tag":[],"class_list":{"0":"post-2947","1":"product","2":"type-product","3":"status-publish","4":"has-post-thumbnail","6":"product_cat-anua","7":"product_cat-hmizat","8":"product_cat-meilleures-ventes","9":"product_cat-patchs","10":"product_cat-produits-coreens","12":"first","13":"instock","14":"sale","15":"shipping-taxable","16":"purchasable","17":"product-type-simple"},"aioseo_notices":[],"uagb_featured_image_src":{"full":["https:\/\/wavexia.com\/wp-content\/uploads\/2025\/10\/Ultra-Thin_Spot_Cover_Patch_1.webp",1000,1000,false],"thumbnail":["https:\/\/wavexia.com\/wp-content\/uploads\/2025\/10\/Ultra-Thin_Spot_Cover_Patch_1-150x150.webp",150,150,true],"medium":["https:\/\/wavexia.com\/wp-content\/uploads\/2025\/10\/Ultra-Thin_Spot_Cover_Patch_1-300x300.webp",300,300,true],"medium_large":["https:\/\/wavexia.com\/wp-content\/uploads\/2025\/10\/Ultra-Thin_Spot_Cover_Patch_1-768x768.webp",768,768,true],"large":["https:\/\/wavexia.com\/wp-content\/uploads\/2025\/10\/Ultra-Thin_Spot_Cover_Patch_1.webp",1000,1000,false],"1536x1536":["https:\/\/wavexia.com\/wp-content\/uploads\/2025\/10\/Ultra-Thin_Spot_Cover_Patch_1.webp",1000,1000,false],"2048x2048":["https:\/\/wavexia.com\/wp-content\/uploads\/2025\/10\/Ultra-Thin_Spot_Cover_Patch_1.webp",1000,1000,false],"woocommerce_archive_thumbnail":["https:\/\/wavexia.com\/wp-content\/uploads\/2025\/10\/Ultra-Thin_Spot_Cover_Patch_1-300x300.webp",300,300,true],"woocommerce_thumbnail":["https:\/\/wavexia.com\/wp-content\/uploads\/2025\/10\/Ultra-Thin_Spot_Cover_Patch_1-300x300.webp",300,300,true],"woocommerce_single":["https:\/\/wavexia.com\/wp-content\/uploads\/2025\/10\/Ultra-Thin_Spot_Cover_Patch_1-600x600.webp",600,600,true],"woocommerce_gallery_thumbnail":["https:\/\/wavexia.com\/wp-content\/uploads\/2025\/10\/Ultra-Thin_Spot_Cover_Patch_1-100x100.webp",100,100,true]},"uagb_author_info":{"display_name":"zineddine.ayoub98@gmail.com","author_link":"https:\/\/wavexia.com\/?author=0"},"uagb_comment_info":0,"uagb_excerpt":"Description [75 COMPTES DE PATCHS] Les patchs hydrocollo\u00efdes ultra-minces de 0,25 mm absorbent les impuret\u00e9s, offrent une couverture parfaite et se d\u00e9collent facilement. 2 types (10 mm, 15 mm) de zones cibles, offrant des soins abordables et fiables. [FINITION INVISIBLE NATURELLE] Les patchs mats se fondent naturellement sur la peau, conviennent \u00e0 une utilisation matin&hellip;","brands":[],"_links":{"self":[{"href":"https:\/\/wavexia.com\/index.php?rest_route=\/wp\/v2\/product\/2947","targetHints":{"allow":["GET"]}}],"collection":[{"href":"https:\/\/wavexia.com\/index.php?rest_route=\/wp\/v2\/product"}],"about":[{"href":"https:\/\/wavexia.com\/index.php?rest_route=\/wp\/v2\/types\/product"}],"replies":[{"embeddable":true,"href":"https:\/\/wavexia.com\/index.php?rest_route=%2Fwp%2Fv2%2Fcomments&post=2947"}],"wp:featuredmedia":[{"embeddable":true,"href":"https:\/\/wavexia.com\/index.php?rest_route=\/wp\/v2\/media\/2825"}],"wp:attachment":[{"href":"https:\/\/wavexia.com\/index.php?rest_route=%2Fwp%2Fv2%2Fmedia&parent=2947"}],"wp:term":[{"taxonomy":"pwb-brand","embeddable":true,"href":"https:\/\/wavexia.com\/index.php?rest_route=%2Fwp%2Fv2%2Fpwb-brand&post=2947"},{"taxonomy":"product_brand","embeddable":true,"href":"https:\/\/wavexia.com\/index.php?rest_route=%2Fwp%2Fv2%2Fproduct_brand&post=2947"},{"taxonomy":"product_cat","embeddable":true,"href":"https:\/\/wavexia.com\/index.php?rest_route=%2Fwp%2Fv2%2Fproduct_cat&post=2947"},{"taxonomy":"product_tag","embeddable":true,"href":"https:\/\/wavexia.com\/index.php?rest_route=%2Fwp%2Fv2%2Fproduct_tag&post=2947"}],"curies":[{"name":"wp","href":"https:\/\/api.w.org\/{rel}","templated":true}]}}