{"id":2943,"date":"2025-10-18T22:09:17","date_gmt":"2025-10-18T22:09:17","guid":{"rendered":"https:\/\/wavexia.com\/product\/biodance-radiant-vita-niacinamide-real-deep-1-mask\/"},"modified":"2026-03-10T07:30:51","modified_gmt":"2026-03-10T07:30:51","slug":"biodance-radiant-vita-niacinamide-real-deep-1-mask","status":"publish","type":"product","link":"https:\/\/wavexia.com\/?product=biodance-radiant-vita-niacinamide-real-deep-1-mask","title":{"rendered":"Biodance Radiant Vita Niacinamide Real Deep 1 Mask"},"content":{"rendered":"<h2>Description<\/h2>\n<p>Le Biodance Radiant Vita Niacinamide Real Deep Mask est le must-have pour un teint \u00e9clatant et uniforme ! Ce puissant masque en tissu regorge d\u2019ingr\u00e9dients \u00e9claircissants pour la peau tels que la niacinamide et le glutathion, qui aident \u00e0 r\u00e9duire les taches pigmentaires, le m\u00e9lasma et le teint irr\u00e9gulier. Dites adieu \u00e0 la peau terne et bonjour \u00e0 un look frais et \u00e9clatant !<\/p>\n<p>En plus d\u2019\u00e9claircir votre peau, ce masque contient \u00e9galement de l\u2019eau d\u2019ananas avec des enzymes naturelles qui exfolient en douceur et \u00e9liminent les cellules mortes de la peau. Le r\u00e9sultat ? Un grain de peau lisse, affin\u00e9 et bonne mine ! La formule hypoallerg\u00e9nique est sans danger pour les peaux sensibles et exempte d\u2019ingr\u00e9dients nocifs, ce qui vous permet de profiter d\u2019une hydratation et d\u2019un soin en profondeur sans souci.<\/p>\n<p><strong>Ce masque en tissu :<\/strong><\/p>\n<ul>\n<li>Contient de la niacinamide et du glutathion<\/li>\n<li>R\u00e9duit les taches pigmentaires<\/li>\n<li>Exfolie en douceur avec des enzymes naturelles d\u2019ananas<\/li>\n<li>hydrate et illumine<\/li>\n<li>affine le grain de votre peau<\/li>\n<li>R\u00e9duit le teint terne<\/li>\n<li>Antioxydants et vitamines puissants<\/li>\n<li>\u00e9clat longue dur\u00e9e<\/li>\n<li>hydratation intense<\/li>\n<li>Peut \u00eatre utilis\u00e9 de jour comme de nuit<\/li>\n<li>pour tous les types de peau, id\u00e9al pour les peaux ternes<\/li>\n<li>texture hydrogel confortable<\/li>\n<li>Sans parfum<\/li>\n<li>sans cruaut\u00e9<\/li>\n<\/ul>\n<p><strong>Mode d\u2019emploi :<\/strong><\/p>\n<p><em>Nuit&nbsp;:<\/em><\/p>\n<ul>\n<li>Appliquez le masque comme derni\u00e8re \u00e9tape de votre routine de soins de la peau.<\/li>\n<li>Laissez-le tremper toute la nuit.<\/li>\n<li>Retirez le masque le lendemain matin et profitez d\u2019une peau apais\u00e9e.<\/li>\n<\/ul>\n<p><em>Journ\u00e9e:<\/em><\/p>\n<ul>\n<li>Pr\u00e9parez votre peau avec un tonique ou un s\u00e9rum.<\/li>\n<li>Appliquez le masque et laissez-le agir pendant 3-4 heures, jusqu\u2019\u00e0 ce qu\u2019il devienne transparent.<\/li>\n<li>Retirez et massez tout s\u00e9rum restant dans la peau.<\/li>\n<\/ul>\n<p><strong>Ingr\u00e9dients :<\/strong><br \/>Eau, Eau de fruit d\u2019ananas Sativus (ananas) (100 000 ppm), Glyc\u00e9rine, Copolym\u00e8re d\u2019acrylates, Niacinamide (20 000 ppm), 1,2-Hexanediol, Gomme de Ceratonia Siliqua (caroube), B\u00e9ta\u00efne, Chondrus Crispus, Polyglyc\u00e9ryl-10 Laurate, Chlorure de potassium, Saccharose, Polyglyc\u00e9ryl-2 triisost\u00e9arate, Allanto\u00efne, Agar, Gomme de cellulose, Ethylhexylglyc\u00e9rine, Butyl\u00e8ne glycol, Ad\u00e9nosine, Extrait de fruit de Pyrus Communis (poire), Gomme de scl\u00e9rote, EDTA disodique, Eau florale de Rosa Damascena, Melia Extrait de feuille d\u2019Azadirachta, Extrait de fleur de Melia Azadirachta, Extrait de racine d\u2019Iris Florentina, Extrait de fruit d\u2019Ananas Sativus (ananas), Huile d\u2019Hippophae Rhamnoides, Extrait de fruit de Cucumis Melo (melon), Extrait de racine de Curcuma Longa (curcuma), Extrait de feuille\/tige d\u2019Hedera Helix (lierre), Extrait de feuille d\u2019Ocimum Sanctum, Extrait de Corallina Officinalis, Tocoph\u00e9rol, Hyaluronate de sodium, Acide hyaluronique hydrolys\u00e9, Gluconolactone, Nitrure de bore, Caprylyl glycol, Hyaluronate d\u2019hydroxypropyltrimonium, Glutathion, Hyaluronate ac\u00e9tyl\u00e9 de sodium, acide hyaluronique, hyaluronate de sodium hydrolys\u00e9, polym\u00e8re crois\u00e9 d\u2019hyaluronate de sodium, hyaluronate de potassium.<\/p>\n","protected":false},"excerpt":{"rendered":"<p>Description Le Biodance Radiant Vita Niacinamide Real Deep Mask est le must-have pour un teint \u00e9clatant et uniforme ! Ce puissant masque en tissu regorge d\u2019ingr\u00e9dients \u00e9claircissants pour la peau tels que la niacinamide et le glutathion, qui aident \u00e0 r\u00e9duire les taches pigmentaires, le m\u00e9lasma et le teint irr\u00e9gulier. Dites adieu \u00e0 la peau [&hellip;]<\/p>\n","protected":false},"featured_media":2811,"comment_status":"open","ping_status":"closed","template":"","meta":{"content-type":"","_uag_custom_page_level_css":""},"pwb-brand":[],"product_brand":[],"product_cat":[342,343,328,334],"product_tag":[],"class_list":{"0":"post-2943","1":"product","2":"type-product","3":"status-publish","4":"has-post-thumbnail","6":"product_cat-biodance","7":"product_cat-masque","8":"product_cat-nouveautes","9":"product_cat-produits-coreens","11":"first","12":"instock","13":"sale","14":"shipping-taxable","15":"purchasable","16":"product-type-simple"},"aioseo_notices":[],"uagb_featured_image_src":{"full":["https:\/\/wavexia.com\/wp-content\/uploads\/2025\/10\/biodance_500015-650x650-1.jpg",650,650,false],"thumbnail":["https:\/\/wavexia.com\/wp-content\/uploads\/2025\/10\/biodance_500015-650x650-1-150x150.jpg",150,150,true],"medium":["https:\/\/wavexia.com\/wp-content\/uploads\/2025\/10\/biodance_500015-650x650-1-300x300.jpg",300,300,true],"medium_large":["https:\/\/wavexia.com\/wp-content\/uploads\/2025\/10\/biodance_500015-650x650-1.jpg",650,650,false],"large":["https:\/\/wavexia.com\/wp-content\/uploads\/2025\/10\/biodance_500015-650x650-1.jpg",650,650,false],"1536x1536":["https:\/\/wavexia.com\/wp-content\/uploads\/2025\/10\/biodance_500015-650x650-1.jpg",650,650,false],"2048x2048":["https:\/\/wavexia.com\/wp-content\/uploads\/2025\/10\/biodance_500015-650x650-1.jpg",650,650,false],"woocommerce_archive_thumbnail":["https:\/\/wavexia.com\/wp-content\/uploads\/2025\/10\/biodance_500015-650x650-1-300x300.jpg",300,300,true],"woocommerce_thumbnail":["https:\/\/wavexia.com\/wp-content\/uploads\/2025\/10\/biodance_500015-650x650-1-300x300.jpg",300,300,true],"woocommerce_single":["https:\/\/wavexia.com\/wp-content\/uploads\/2025\/10\/biodance_500015-650x650-1-600x600.jpg",600,600,true],"woocommerce_gallery_thumbnail":["https:\/\/wavexia.com\/wp-content\/uploads\/2025\/10\/biodance_500015-650x650-1-100x100.jpg",100,100,true]},"uagb_author_info":{"display_name":"zineddine.ayoub98@gmail.com","author_link":"https:\/\/wavexia.com\/?author=0"},"uagb_comment_info":0,"uagb_excerpt":"Description Le Biodance Radiant Vita Niacinamide Real Deep Mask est le must-have pour un teint \u00e9clatant et uniforme ! Ce puissant masque en tissu regorge d\u2019ingr\u00e9dients \u00e9claircissants pour la peau tels que la niacinamide et le glutathion, qui aident \u00e0 r\u00e9duire les taches pigmentaires, le m\u00e9lasma et le teint irr\u00e9gulier. Dites adieu \u00e0 la peau&hellip;","brands":[],"_links":{"self":[{"href":"https:\/\/wavexia.com\/index.php?rest_route=\/wp\/v2\/product\/2943","targetHints":{"allow":["GET"]}}],"collection":[{"href":"https:\/\/wavexia.com\/index.php?rest_route=\/wp\/v2\/product"}],"about":[{"href":"https:\/\/wavexia.com\/index.php?rest_route=\/wp\/v2\/types\/product"}],"replies":[{"embeddable":true,"href":"https:\/\/wavexia.com\/index.php?rest_route=%2Fwp%2Fv2%2Fcomments&post=2943"}],"wp:featuredmedia":[{"embeddable":true,"href":"https:\/\/wavexia.com\/index.php?rest_route=\/wp\/v2\/media\/2811"}],"wp:attachment":[{"href":"https:\/\/wavexia.com\/index.php?rest_route=%2Fwp%2Fv2%2Fmedia&parent=2943"}],"wp:term":[{"taxonomy":"pwb-brand","embeddable":true,"href":"https:\/\/wavexia.com\/index.php?rest_route=%2Fwp%2Fv2%2Fpwb-brand&post=2943"},{"taxonomy":"product_brand","embeddable":true,"href":"https:\/\/wavexia.com\/index.php?rest_route=%2Fwp%2Fv2%2Fproduct_brand&post=2943"},{"taxonomy":"product_cat","embeddable":true,"href":"https:\/\/wavexia.com\/index.php?rest_route=%2Fwp%2Fv2%2Fproduct_cat&post=2943"},{"taxonomy":"product_tag","embeddable":true,"href":"https:\/\/wavexia.com\/index.php?rest_route=%2Fwp%2Fv2%2Fproduct_tag&post=2943"}],"curies":[{"name":"wp","href":"https:\/\/api.w.org\/{rel}","templated":true}]}}