{"id":2905,"date":"2025-10-18T22:09:12","date_gmt":"2025-10-18T22:09:12","guid":{"rendered":"https:\/\/wavexia.com\/product\/medicube-pdrn-pink-collagen-gel-mask-28g\/"},"modified":"2026-03-10T07:30:50","modified_gmt":"2026-03-10T07:30:50","slug":"medicube-pdrn-pink-collagen-gel-mask-28g","status":"publish","type":"product","link":"https:\/\/wavexia.com\/?product=medicube-pdrn-pink-collagen-gel-mask-28g","title":{"rendered":"Medicube PDRN Pink Collagen Gel Mask 28g"},"content":{"rendered":"<h2>Description<\/h2>\n<p><strong>Medicube PDRN Pink Collagen Gel Mask \u2013 Hydratation &amp; Fermet\u00e9 Intense<\/strong><\/p>\n<p>Offrez \u00e0 votre peau un soin anti-\u00e2ge puissant avec le&nbsp;<strong>Medicube PDRN Pink Collagen Gel Mask<\/strong>. Infus\u00e9 de&nbsp;<strong>PDRN (Polydeoxyribonucleotide)<\/strong>&nbsp;et de&nbsp;<strong>collag\u00e8ne rose<\/strong>, ce masque en gel rafra\u00eechissant aide \u00e0 am\u00e9liorer l\u2019\u00e9lasticit\u00e9 de la peau, \u00e0 r\u00e9duire les rides et \u00e0 restaurer l\u2019hydratation en profondeur.<\/p>\n<p>\u2714&nbsp;<strong>Raffermit &amp; r\u00e9g\u00e9n\u00e8re<\/strong>&nbsp;: Le PDRN favorise la r\u00e9g\u00e9n\u00e9ration cellulaire pour une peau plus jeune et rebondie.<br \/>\u2714&nbsp;<strong>Hydrate intens\u00e9ment<\/strong>&nbsp;: Sa texture gel apaise et nourrit la peau en profondeur.<br \/>\u2714&nbsp;<strong>\u00c9clat naturel<\/strong>&nbsp;: Gr\u00e2ce au collag\u00e8ne rose, la peau retrouve sa luminosit\u00e9 et sa douceur.<\/p>\n<p><strong>Le masque en gel\u00e9e passe du rose au transparent, ce qui indique une absorption optimale.<\/strong><\/p>\n<section>\n<div><b>Bienfaits et avantages :<\/b><\/p>\n<div><\/div>\n<div>Ce masque-gel \u00e0 base de PDRN (polynucl\u00e9otides d\u00e9riv\u00e9s du saumon) et de collag\u00e8ne contribue \u00e0 am\u00e9liorer visiblement l\u2019\u00e9lasticit\u00e9 de la peau lors de son application.<\/div>\n<div><\/div>\n<div>Ce masque en feuille permet une absorption r\u00e9elle des ingr\u00e9dients une fois appliqu\u00e9 sur le visage. Apr\u00e8s utilisation, le poids du masque diminue d\u2019environ 15 g.&nbsp;<\/p>\n<p>Le PDRN Prism issu du saumon ainsi que le collag\u00e8ne hydrolys\u00e9 de faible poids mol\u00e9culaire offrent une hydratation efficace, un soin r\u00e9parateur de la barri\u00e8re cutan\u00e9e et un effet liftant sur la peau.&nbsp;<\/p>\n<p>Un seul masque suffit pour maintenir l\u2019\u00e9lasticit\u00e9 de la peau pendant 48 heures.&nbsp;<\/p>\n<p>Une sensation de fra\u00eecheur imm\u00e9diate sur la peau, avec une diminution de la temp\u00e9rature cutan\u00e9e de 7,9 \u00b0C apr\u00e8s utilisation.&nbsp;<\/p>\n<p>Formul\u00e9 pour \u00eatre hypoallerg\u00e9nique, ce masque a \u00e9galement fait ses preuves pour r\u00e9duire les rides et \u00e9claircir le teint.<\/p>\n<\/div>\n<div>\n<h3><\/h3>\n<h5><strong>Conseils d\u2019utilisation :<\/strong><\/h5>\n<p>1. Apr\u00e8s avoir nettoy\u00e9 votre peau, appliquez le masque tissu sur l\u2019ensemble du visage, en \u00e9vitant d\u00e9licatement le contour des yeux et des l\u00e8vres.<br \/>2. Laissez poser de 15 \u00e0 30 minutes, puis retirez le masque.<br \/>3. Tapotez doucement le surplus de s\u00e9rum sur votre peau pour favoriser son absorption.<\/p>\n<\/div>\n<\/section>\n<div><\/div>\n<div>\n<h5 class=\"accordion_title__igE6o MuiBox-root mui-0\" aria-controls=\":R7a78j9uuuurfb:\" aria-expanded=\"true\">Ingr\u00e9dients principaux<\/h5>\n<div id=\":R7a78j9uuuurfb:\" role=\"region\">\n<div class=\"productDetailPage_accordionContent__tZh8X\">Water, Glycerin, Methylpropanediol, Acrylates\/Ethylhexyl Acrylate Copolymer, Niacinamide, Chondrus Crispus Powder, 1,2-Hexanediol, Butylene Glycol, Betaine, Ceratonia Siliqua (Carob) Gum, Hydroxyacetophenone, Allantoin, Glucomannan, Xanthan Gum, Laureth-21, Panthenol, Polyglyceryl-10 Laurate, Propanediol, Cellulose Gum, Cyamopsis Tetragonoloba (Guar) Gum, Fragrance(Parfum), Potassium Chloride, Dextrin, Adenosine, Ethylhexylglycerin, Hydrolyzed Collagen, Cyanocobalamin, Ascorbic Acid, Sodium DNA, Tocopherol, Acetyl Hexapeptide-8, Ascorbic Acid Polypeptide, Acetyl Octapeptide-3, Acetyl Tetrapeptide-2, Acetyl Tetrapeptide-3, Acetyl Tetrapeptide-5, Acetyl Tetrapeptide-9, Carnosine, Copper Tripeptide-1, Nonapeptide-1, Palmitoyl Pentapeptide-4, Palmitoyl Tripeptide-1, Palmitoyl Tripeptide-5<\/p>\n<p class=\"grey-text\">Les ingr\u00e9dients peuvent changer \u00e0 la discr\u00e9tion du fabricant. Pour conna\u00eetre la liste compl\u00e8te et \u00e0 jour des ingr\u00e9dients, veuillez vous r\u00e9f\u00e9rer au packaging.<\/p>\n<\/div>\n<\/div>\n<\/div>\n<\/div>\n","protected":false},"excerpt":{"rendered":"<p>Description Medicube PDRN Pink Collagen Gel Mask \u2013 Hydratation &amp; Fermet\u00e9 Intense Offrez \u00e0 votre peau un soin anti-\u00e2ge puissant avec le&nbsp;Medicube PDRN Pink Collagen Gel Mask. Infus\u00e9 de&nbsp;PDRN (Polydeoxyribonucleotide)&nbsp;et de&nbsp;collag\u00e8ne rose, ce masque en gel rafra\u00eechissant aide \u00e0 am\u00e9liorer l\u2019\u00e9lasticit\u00e9 de la peau, \u00e0 r\u00e9duire les rides et \u00e0 restaurer l\u2019hydratation en profondeur. \u2714&nbsp;Raffermit [&hellip;]<\/p>\n","protected":false},"featured_media":2678,"comment_status":"open","ping_status":"closed","template":"","meta":{"content-type":"","_uag_custom_page_level_css":""},"pwb-brand":[],"product_brand":[],"product_cat":[327,343,349,334],"product_tag":[],"class_list":{"0":"post-2905","1":"product","2":"type-product","3":"status-publish","4":"has-post-thumbnail","6":"product_cat-hmizat","7":"product_cat-masque","8":"product_cat-medicube","9":"product_cat-produits-coreens","11":"first","12":"instock","13":"sale","14":"shipping-taxable","15":"purchasable","16":"product-type-simple"},"aioseo_notices":[],"uagb_featured_image_src":{"full":["https:\/\/wavexia.com\/wp-content\/uploads\/2025\/10\/IMG-7537.webp",1000,1000,false],"thumbnail":["https:\/\/wavexia.com\/wp-content\/uploads\/2025\/10\/IMG-7537-150x150.webp",150,150,true],"medium":["https:\/\/wavexia.com\/wp-content\/uploads\/2025\/10\/IMG-7537-300x300.webp",300,300,true],"medium_large":["https:\/\/wavexia.com\/wp-content\/uploads\/2025\/10\/IMG-7537-768x768.webp",768,768,true],"large":["https:\/\/wavexia.com\/wp-content\/uploads\/2025\/10\/IMG-7537.webp",1000,1000,false],"1536x1536":["https:\/\/wavexia.com\/wp-content\/uploads\/2025\/10\/IMG-7537.webp",1000,1000,false],"2048x2048":["https:\/\/wavexia.com\/wp-content\/uploads\/2025\/10\/IMG-7537.webp",1000,1000,false],"woocommerce_archive_thumbnail":["https:\/\/wavexia.com\/wp-content\/uploads\/2025\/10\/IMG-7537-300x300.webp",300,300,true],"woocommerce_thumbnail":["https:\/\/wavexia.com\/wp-content\/uploads\/2025\/10\/IMG-7537-300x300.webp",300,300,true],"woocommerce_single":["https:\/\/wavexia.com\/wp-content\/uploads\/2025\/10\/IMG-7537-600x600.webp",600,600,true],"woocommerce_gallery_thumbnail":["https:\/\/wavexia.com\/wp-content\/uploads\/2025\/10\/IMG-7537-100x100.webp",100,100,true]},"uagb_author_info":{"display_name":"zineddine.ayoub98@gmail.com","author_link":"https:\/\/wavexia.com\/?author=0"},"uagb_comment_info":0,"uagb_excerpt":"Description Medicube PDRN Pink Collagen Gel Mask \u2013 Hydratation &amp; Fermet\u00e9 Intense Offrez \u00e0 votre peau un soin anti-\u00e2ge puissant avec le&nbsp;Medicube PDRN Pink Collagen Gel Mask. Infus\u00e9 de&nbsp;PDRN (Polydeoxyribonucleotide)&nbsp;et de&nbsp;collag\u00e8ne rose, ce masque en gel rafra\u00eechissant aide \u00e0 am\u00e9liorer l\u2019\u00e9lasticit\u00e9 de la peau, \u00e0 r\u00e9duire les rides et \u00e0 restaurer l\u2019hydratation en profondeur. \u2714&nbsp;Raffermit&hellip;","brands":[],"_links":{"self":[{"href":"https:\/\/wavexia.com\/index.php?rest_route=\/wp\/v2\/product\/2905","targetHints":{"allow":["GET"]}}],"collection":[{"href":"https:\/\/wavexia.com\/index.php?rest_route=\/wp\/v2\/product"}],"about":[{"href":"https:\/\/wavexia.com\/index.php?rest_route=\/wp\/v2\/types\/product"}],"replies":[{"embeddable":true,"href":"https:\/\/wavexia.com\/index.php?rest_route=%2Fwp%2Fv2%2Fcomments&post=2905"}],"wp:featuredmedia":[{"embeddable":true,"href":"https:\/\/wavexia.com\/index.php?rest_route=\/wp\/v2\/media\/2678"}],"wp:attachment":[{"href":"https:\/\/wavexia.com\/index.php?rest_route=%2Fwp%2Fv2%2Fmedia&parent=2905"}],"wp:term":[{"taxonomy":"pwb-brand","embeddable":true,"href":"https:\/\/wavexia.com\/index.php?rest_route=%2Fwp%2Fv2%2Fpwb-brand&post=2905"},{"taxonomy":"product_brand","embeddable":true,"href":"https:\/\/wavexia.com\/index.php?rest_route=%2Fwp%2Fv2%2Fproduct_brand&post=2905"},{"taxonomy":"product_cat","embeddable":true,"href":"https:\/\/wavexia.com\/index.php?rest_route=%2Fwp%2Fv2%2Fproduct_cat&post=2905"},{"taxonomy":"product_tag","embeddable":true,"href":"https:\/\/wavexia.com\/index.php?rest_route=%2Fwp%2Fv2%2Fproduct_tag&post=2905"}],"curies":[{"name":"wp","href":"https:\/\/api.w.org\/{rel}","templated":true}]}}