{"id":2889,"date":"2025-10-18T22:09:08","date_gmt":"2025-10-18T22:09:08","guid":{"rendered":"https:\/\/wavexia.com\/product\/victorias-secret-brume-corporelle-velvet-petals-shimmer-250ml\/"},"modified":"2026-03-10T07:30:50","modified_gmt":"2026-03-10T07:30:50","slug":"victorias-secret-brume-corporelle-velvet-petals-shimmer-250ml","status":"publish","type":"product","link":"https:\/\/wavexia.com\/?product=victorias-secret-brume-corporelle-velvet-petals-shimmer-250ml","title":{"rendered":"Victorias Secret Brume corporelle Velvet Petals Shimmer 250ml"},"content":{"rendered":"<h2>Description<\/h2>\n<p>C\u00e9l\u00e9brez la collection qui vous rend hommage. Pour chaque instant et chaque facette scintillante de votre personnalit\u00e9, d\u00e9couvrez des parfums uniques qui embrassent tout.<\/p>\n<p>LES P\u00c9TALES DE VELOURS Scintillent<\/p>\n<p>Description du parfum<\/p>\n<ul>\n<li>Type : Fruit\u00e9 Gourmand<\/li>\n<li>Fleurs luxuriantes. Gla\u00e7age aux amandes. Vous fait scintiller.<\/li>\n<\/ul>\n<p>Conseil<\/p>\n<ul>\n<li>Associez-le \u00e0 la brume parfum\u00e9e assortie pour une exp\u00e9rience parfum\u00e9e longue dur\u00e9e.<\/li>\n<\/ul>\n<p>Appliquer sur la peau, il peut y avoir un r\u00e9sidu brillant si utilis\u00e9 sur les v\u00eatements.<\/p>\n","protected":false},"excerpt":{"rendered":"<p>Description C\u00e9l\u00e9brez la collection qui vous rend hommage. Pour chaque instant et chaque facette scintillante de votre personnalit\u00e9, d\u00e9couvrez des parfums uniques qui embrassent tout. LES P\u00c9TALES DE VELOURS Scintillent Description du parfum Type : Fruit\u00e9 Gourmand Fleurs luxuriantes. Gla\u00e7age aux amandes. Vous fait scintiller. Conseil Associez-le \u00e0 la brume parfum\u00e9e assortie pour une exp\u00e9rience [&hellip;]<\/p>\n","protected":false},"featured_media":2626,"comment_status":"open","ping_status":"closed","template":"","meta":{"content-type":"","_uag_custom_page_level_css":""},"pwb-brand":[],"product_brand":[],"product_cat":[329,362],"product_tag":[],"class_list":{"0":"post-2889","1":"product","2":"type-product","3":"status-publish","4":"has-post-thumbnail","6":"product_cat-produits-americains","7":"product_cat-victoria-secret","9":"first","10":"instock","11":"shipping-taxable","12":"purchasable","13":"product-type-simple"},"aioseo_notices":[],"uagb_featured_image_src":{"full":["https:\/\/wavexia.com\/wp-content\/uploads\/2025\/10\/victorias-secret-victorias-secret-velvet-petals-shimmer-brume-parfumee-scintillante-250-ml-parfums.jpg",700,700,false],"thumbnail":["https:\/\/wavexia.com\/wp-content\/uploads\/2025\/10\/victorias-secret-victorias-secret-velvet-petals-shimmer-brume-parfumee-scintillante-250-ml-parfums-150x150.jpg",150,150,true],"medium":["https:\/\/wavexia.com\/wp-content\/uploads\/2025\/10\/victorias-secret-victorias-secret-velvet-petals-shimmer-brume-parfumee-scintillante-250-ml-parfums-300x300.jpg",300,300,true],"medium_large":["https:\/\/wavexia.com\/wp-content\/uploads\/2025\/10\/victorias-secret-victorias-secret-velvet-petals-shimmer-brume-parfumee-scintillante-250-ml-parfums.jpg",700,700,false],"large":["https:\/\/wavexia.com\/wp-content\/uploads\/2025\/10\/victorias-secret-victorias-secret-velvet-petals-shimmer-brume-parfumee-scintillante-250-ml-parfums.jpg",700,700,false],"1536x1536":["https:\/\/wavexia.com\/wp-content\/uploads\/2025\/10\/victorias-secret-victorias-secret-velvet-petals-shimmer-brume-parfumee-scintillante-250-ml-parfums.jpg",700,700,false],"2048x2048":["https:\/\/wavexia.com\/wp-content\/uploads\/2025\/10\/victorias-secret-victorias-secret-velvet-petals-shimmer-brume-parfumee-scintillante-250-ml-parfums.jpg",700,700,false],"woocommerce_archive_thumbnail":["https:\/\/wavexia.com\/wp-content\/uploads\/2025\/10\/victorias-secret-victorias-secret-velvet-petals-shimmer-brume-parfumee-scintillante-250-ml-parfums-300x300.jpg",300,300,true],"woocommerce_thumbnail":["https:\/\/wavexia.com\/wp-content\/uploads\/2025\/10\/victorias-secret-victorias-secret-velvet-petals-shimmer-brume-parfumee-scintillante-250-ml-parfums-300x300.jpg",300,300,true],"woocommerce_single":["https:\/\/wavexia.com\/wp-content\/uploads\/2025\/10\/victorias-secret-victorias-secret-velvet-petals-shimmer-brume-parfumee-scintillante-250-ml-parfums-600x600.jpg",600,600,true],"woocommerce_gallery_thumbnail":["https:\/\/wavexia.com\/wp-content\/uploads\/2025\/10\/victorias-secret-victorias-secret-velvet-petals-shimmer-brume-parfumee-scintillante-250-ml-parfums-100x100.jpg",100,100,true]},"uagb_author_info":{"display_name":"zineddine.ayoub98@gmail.com","author_link":"https:\/\/wavexia.com\/?author=0"},"uagb_comment_info":0,"uagb_excerpt":"Description C\u00e9l\u00e9brez la collection qui vous rend hommage. Pour chaque instant et chaque facette scintillante de votre personnalit\u00e9, d\u00e9couvrez des parfums uniques qui embrassent tout. LES P\u00c9TALES DE VELOURS Scintillent Description du parfum Type : Fruit\u00e9 Gourmand Fleurs luxuriantes. Gla\u00e7age aux amandes. Vous fait scintiller. Conseil Associez-le \u00e0 la brume parfum\u00e9e assortie pour une exp\u00e9rience&hellip;","brands":[],"_links":{"self":[{"href":"https:\/\/wavexia.com\/index.php?rest_route=\/wp\/v2\/product\/2889","targetHints":{"allow":["GET"]}}],"collection":[{"href":"https:\/\/wavexia.com\/index.php?rest_route=\/wp\/v2\/product"}],"about":[{"href":"https:\/\/wavexia.com\/index.php?rest_route=\/wp\/v2\/types\/product"}],"replies":[{"embeddable":true,"href":"https:\/\/wavexia.com\/index.php?rest_route=%2Fwp%2Fv2%2Fcomments&post=2889"}],"wp:featuredmedia":[{"embeddable":true,"href":"https:\/\/wavexia.com\/index.php?rest_route=\/wp\/v2\/media\/2626"}],"wp:attachment":[{"href":"https:\/\/wavexia.com\/index.php?rest_route=%2Fwp%2Fv2%2Fmedia&parent=2889"}],"wp:term":[{"taxonomy":"pwb-brand","embeddable":true,"href":"https:\/\/wavexia.com\/index.php?rest_route=%2Fwp%2Fv2%2Fpwb-brand&post=2889"},{"taxonomy":"product_brand","embeddable":true,"href":"https:\/\/wavexia.com\/index.php?rest_route=%2Fwp%2Fv2%2Fproduct_brand&post=2889"},{"taxonomy":"product_cat","embeddable":true,"href":"https:\/\/wavexia.com\/index.php?rest_route=%2Fwp%2Fv2%2Fproduct_cat&post=2889"},{"taxonomy":"product_tag","embeddable":true,"href":"https:\/\/wavexia.com\/index.php?rest_route=%2Fwp%2Fv2%2Fproduct_tag&post=2889"}],"curies":[{"name":"wp","href":"https:\/\/api.w.org\/{rel}","templated":true}]}}