{"id":2887,"date":"2025-10-18T22:09:08","date_gmt":"2025-10-18T22:09:08","guid":{"rendered":"https:\/\/wavexia.com\/product\/medicube-zero-pore-blackhead-mud-mask-100g\/"},"modified":"2026-03-10T07:30:50","modified_gmt":"2026-03-10T07:30:50","slug":"medicube-zero-pore-blackhead-mud-mask-100g","status":"publish","type":"product","link":"https:\/\/wavexia.com\/?product=medicube-zero-pore-blackhead-mud-mask-100g","title":{"rendered":"medicube Zero Pore Blackhead Mud Mask 100g"},"content":{"rendered":"<h2>Description<\/h2>\n<p>Le Medicube Zero Pore Blackhead Mud Mask 100g est un masque \u00e0 l\u2019argile innovant con\u00e7u pour traiter les points noirs et nettoyer en profondeur les pores. Voici ses principales caract\u00e9ristiques :<\/p>\n<h5 class=\"mb-2 mt-6 text-lg first:mt-3\">Formule et ingr\u00e9dients cl\u00e9s<\/h5>\n<ul class=\"marker:text-textOff list-disc pl-8\">\n<li>Contient 5 types d\u2019argiles de diff\u00e9rentes tailles de particules pour cibler tous les types de pores<\/li>\n<li>Enrichi en AHA, BHA et PHA pour une exfoliation efficace<\/li>\n<li>Inclut de l\u2019argile canadienne glaciaire, du kaolin et de la bentonite<\/li>\n<li>Formule hypoallerg\u00e9nique adapt\u00e9e aux peaux sensibles<\/li>\n<\/ul>\n<h5 class=\"mb-2 mt-6 text-lg first:mt-3\">B\u00e9n\u00e9fices principaux<\/h5>\n<ul class=\"marker:text-textOff list-disc pl-8\">\n<li>\u00c9limine efficacement les points noirs et l\u2019exc\u00e8s de s\u00e9bum en 3 minutes<\/li>\n<li>R\u00e9duit le volume des pores de 23,1% apr\u00e8s 2 semaines d\u2019utilisation<\/li>\n<li>Diminue le nombre de pores visibles de 19,9%<\/li>\n<li>R\u00e9duit la zone des pores de 22,3%<\/li>\n<li>Rafra\u00eechit et resserre les pores pour un teint plus lisse<\/li>\n<li>Apaise l\u2019inflammation et calme les peaux sensibles<\/li>\n<\/ul>\n<h5 class=\"mb-2 mt-6 text-lg first:mt-3\">Utilisation recommand\u00e9e<\/h5>\n<ul class=\"marker:text-textOff list-disc pl-8\">\n<li>Appliquer sur le visage en se concentrant sur les zones sujettes aux points noirs (nez, front, menton)<\/li>\n<li>Laisser agir 3 minutes<\/li>\n<li>Rincer abondamment<\/li>\n<\/ul>\n","protected":false},"excerpt":{"rendered":"<p>Description Le Medicube Zero Pore Blackhead Mud Mask 100g est un masque \u00e0 l\u2019argile innovant con\u00e7u pour traiter les points noirs et nettoyer en profondeur les pores. Voici ses principales caract\u00e9ristiques : Formule et ingr\u00e9dients cl\u00e9s Contient 5 types d\u2019argiles de diff\u00e9rentes tailles de particules pour cibler tous les types de pores Enrichi en AHA, [&hellip;]<\/p>\n","protected":false},"featured_media":2616,"comment_status":"open","ping_status":"closed","template":"","meta":{"content-type":"","_uag_custom_page_level_css":""},"pwb-brand":[],"product_brand":[],"product_cat":[327,343,349,328,334],"product_tag":[],"class_list":{"0":"post-2887","1":"product","2":"type-product","3":"status-publish","4":"has-post-thumbnail","6":"product_cat-hmizat","7":"product_cat-masque","8":"product_cat-medicube","9":"product_cat-nouveautes","10":"product_cat-produits-coreens","12":"first","13":"instock","14":"sale","15":"shipping-taxable","16":"purchasable","17":"product-type-simple"},"aioseo_notices":[],"uagb_featured_image_src":{"full":["https:\/\/wavexia.com\/wp-content\/uploads\/2025\/10\/Medicube_Zero_Pore_Blackhead_Mud_Mask_100g_KBeauty_Australia__88275.jpg",1280,1280,false],"thumbnail":["https:\/\/wavexia.com\/wp-content\/uploads\/2025\/10\/Medicube_Zero_Pore_Blackhead_Mud_Mask_100g_KBeauty_Australia__88275-150x150.jpg",150,150,true],"medium":["https:\/\/wavexia.com\/wp-content\/uploads\/2025\/10\/Medicube_Zero_Pore_Blackhead_Mud_Mask_100g_KBeauty_Australia__88275-300x300.jpg",300,300,true],"medium_large":["https:\/\/wavexia.com\/wp-content\/uploads\/2025\/10\/Medicube_Zero_Pore_Blackhead_Mud_Mask_100g_KBeauty_Australia__88275-768x768.jpg",768,768,true],"large":["https:\/\/wavexia.com\/wp-content\/uploads\/2025\/10\/Medicube_Zero_Pore_Blackhead_Mud_Mask_100g_KBeauty_Australia__88275-1024x1024.jpg",1024,1024,true],"1536x1536":["https:\/\/wavexia.com\/wp-content\/uploads\/2025\/10\/Medicube_Zero_Pore_Blackhead_Mud_Mask_100g_KBeauty_Australia__88275.jpg",1280,1280,false],"2048x2048":["https:\/\/wavexia.com\/wp-content\/uploads\/2025\/10\/Medicube_Zero_Pore_Blackhead_Mud_Mask_100g_KBeauty_Australia__88275.jpg",1280,1280,false],"woocommerce_archive_thumbnail":["https:\/\/wavexia.com\/wp-content\/uploads\/2025\/10\/Medicube_Zero_Pore_Blackhead_Mud_Mask_100g_KBeauty_Australia__88275-300x300.jpg",300,300,true],"woocommerce_thumbnail":["https:\/\/wavexia.com\/wp-content\/uploads\/2025\/10\/Medicube_Zero_Pore_Blackhead_Mud_Mask_100g_KBeauty_Australia__88275-300x300.jpg",300,300,true],"woocommerce_single":["https:\/\/wavexia.com\/wp-content\/uploads\/2025\/10\/Medicube_Zero_Pore_Blackhead_Mud_Mask_100g_KBeauty_Australia__88275-600x600.jpg",600,600,true],"woocommerce_gallery_thumbnail":["https:\/\/wavexia.com\/wp-content\/uploads\/2025\/10\/Medicube_Zero_Pore_Blackhead_Mud_Mask_100g_KBeauty_Australia__88275-100x100.jpg",100,100,true]},"uagb_author_info":{"display_name":"zineddine.ayoub98@gmail.com","author_link":"https:\/\/wavexia.com\/?author=0"},"uagb_comment_info":0,"uagb_excerpt":"Description Le Medicube Zero Pore Blackhead Mud Mask 100g est un masque \u00e0 l\u2019argile innovant con\u00e7u pour traiter les points noirs et nettoyer en profondeur les pores. Voici ses principales caract\u00e9ristiques : Formule et ingr\u00e9dients cl\u00e9s Contient 5 types d\u2019argiles de diff\u00e9rentes tailles de particules pour cibler tous les types de pores Enrichi en AHA,&hellip;","brands":[],"_links":{"self":[{"href":"https:\/\/wavexia.com\/index.php?rest_route=\/wp\/v2\/product\/2887","targetHints":{"allow":["GET"]}}],"collection":[{"href":"https:\/\/wavexia.com\/index.php?rest_route=\/wp\/v2\/product"}],"about":[{"href":"https:\/\/wavexia.com\/index.php?rest_route=\/wp\/v2\/types\/product"}],"replies":[{"embeddable":true,"href":"https:\/\/wavexia.com\/index.php?rest_route=%2Fwp%2Fv2%2Fcomments&post=2887"}],"wp:featuredmedia":[{"embeddable":true,"href":"https:\/\/wavexia.com\/index.php?rest_route=\/wp\/v2\/media\/2616"}],"wp:attachment":[{"href":"https:\/\/wavexia.com\/index.php?rest_route=%2Fwp%2Fv2%2Fmedia&parent=2887"}],"wp:term":[{"taxonomy":"pwb-brand","embeddable":true,"href":"https:\/\/wavexia.com\/index.php?rest_route=%2Fwp%2Fv2%2Fpwb-brand&post=2887"},{"taxonomy":"product_brand","embeddable":true,"href":"https:\/\/wavexia.com\/index.php?rest_route=%2Fwp%2Fv2%2Fproduct_brand&post=2887"},{"taxonomy":"product_cat","embeddable":true,"href":"https:\/\/wavexia.com\/index.php?rest_route=%2Fwp%2Fv2%2Fproduct_cat&post=2887"},{"taxonomy":"product_tag","embeddable":true,"href":"https:\/\/wavexia.com\/index.php?rest_route=%2Fwp%2Fv2%2Fproduct_tag&post=2887"}],"curies":[{"name":"wp","href":"https:\/\/api.w.org\/{rel}","templated":true}]}}