{"id":2883,"date":"2025-10-18T22:09:08","date_gmt":"2025-10-18T22:09:08","guid":{"rendered":"https:\/\/wavexia.com\/product\/some-by-mi-retinol-intense-reactivating-serum-30ml\/"},"modified":"2026-03-10T07:30:49","modified_gmt":"2026-03-10T07:30:49","slug":"some-by-mi-retinol-intense-reactivating-serum-30ml","status":"publish","type":"product","link":"https:\/\/wavexia.com\/?product=some-by-mi-retinol-intense-reactivating-serum-30ml","title":{"rendered":"Some By Mi Retinol Intense Reactivating Serum 30ml"},"content":{"rendered":"<h2>Description<\/h2>\n<p>Le Some By Mi Retinol Reactivating Serum est un s\u00e9rum anti-\u00e2ge incontournable ! Ce s\u00e9rum minimise l\u2019apparence des rides, r\u00e9pare la peau endommag\u00e9e par l\u2019acn\u00e9 sans laisser de cicatrices et procure une sensation de peau ferme et douce.<\/p>\n<p>La formule est enrichie d\u2019un m\u00e9lange de r\u00e9tinol, de r\u00e9tinal et de l\u2019herbe Bakuchiol. Cette composition d\u2019ingr\u00e9dients est le meilleur soin contre le vieillissement cutan\u00e9. Il raffermit et revitalise imm\u00e9diatement votre peau, tout en ayant un effet apaisant.<\/p>\n<p>De plus, ce s\u00e9rum a \u00e9galement un effet calmant et hydratant sans laisser de couche collante sur la peau.<\/p>\n<p><strong>Ce s\u00e9rum :<\/strong><\/p>\n<ul>\n<li>anti-\u00e2ge<\/li>\n<li>att\u00e9nue les rides et ridules<\/li>\n<li>r\u00e9pare la peau ab\u00eem\u00e9e<\/li>\n<li>enrichi en r\u00e9tinol, r\u00e9tinal et bakuchiol<\/li>\n<li>renforce et revitalise<\/li>\n<li>effet imm\u00e9diat<\/li>\n<li>effet hydratant et apaisant<\/li>\n<li>assure une peau ferme et douce<\/li>\n<li>sans cruaut\u00e9<\/li>\n<\/ul>\n<p><strong>Comment utiliser:<\/strong><\/p>\n<ul>\n<li>Assurez-vous que votre peau est propre avant d\u2019appliquer le s\u00e9rum.<\/li>\n<li>Appliquez 2 \u00e0 3 gouttes de s\u00e9rum sur le bout de vos doigts et massez le s\u00e9rum sur votre peau.<\/li>\n<li>Terminer avec une cr\u00e8me hydratante.<\/li>\n<\/ul>\n<p><strong>Ingr\u00e9dients:<\/strong><br \/>Water, Cyclohexasiloxane, Dicaprylyl Carbonate, Glycerin, Methylpropanediol, 1,2-Hexanediol, Niacinamide, Hydrogenated Poly(C6-14 Olefin), Panthenol, Tocopheryl Acetate, Piper Methysticum Leaf\/root\/stem Extract, Centella Asiatica Extract, Panax Ginseng Berry Extract , Glycyrrhiza Glabra (Licorice) Root Extract, Ficus Carica (Fig) Fruit Extract, Centella Asiatica Leaf Extract, Centella Asiatica Root Extract, Melaleuca Alternifolia (Tea Tree) Leaf Extract, Artemisia Capillaris Extract, Eclipta Prostrata Extract, Melia Azadirachta Leaf Extract, Elaeis Guineensis (Palm) Oil, Hydrogenated Lecithin, Glyceryl Stearate, Bakuchiol, Palmitic Acid, Sodium Polyacrylate, Stearic Acid, Xanthan Gum, Retinol(0.1 %), Acrylates\/c10-30 Alkyl Acrylate Crosspolymer, Butylene Glycol, Dipotassium Glycyrrhizate, Adenosine, Tromethamine , Polyquaternium-51, Beta-glucan, Cetyl Alcohol, Bht, Collagen, Myristic Acid, Bha, Leuconostoc\/radish Root Ferment Filtrate, Tocopherol, Bifida Ferment Lysate, Ceramide Np, Saccharomyces Ferment, Retinal, Asiaticoside, Glyceryl Polymethacrylate, Madecassoside, Propylene Glycol, Polyglyceryl-10 Oleate, Glycolipids, Glycine Soy (Soybean) Peptide, Resveratrol, Sucrose Distearate, Asiatic Acid, Madecassic Acid, Palmitoyl Tripeptide-1, Moringa Oleifera Seed Oil, Peg-100 Stearate, Polysorbate 20, Fragrance, Ethylhexylglycerin.<\/p>\n<p><strong>Contenu :<\/strong>&nbsp;30 ml.<\/p>\n","protected":false},"excerpt":{"rendered":"<p>Description Le Some By Mi Retinol Reactivating Serum est un s\u00e9rum anti-\u00e2ge incontournable ! Ce s\u00e9rum minimise l\u2019apparence des rides, r\u00e9pare la peau endommag\u00e9e par l\u2019acn\u00e9 sans laisser de cicatrices et procure une sensation de peau ferme et douce. La formule est enrichie d\u2019un m\u00e9lange de r\u00e9tinol, de r\u00e9tinal et de l\u2019herbe Bakuchiol. Cette composition [&hellip;]<\/p>\n","protected":false},"featured_media":2600,"comment_status":"open","ping_status":"closed","template":"","meta":{"content-type":"","_uag_custom_page_level_css":""},"pwb-brand":[],"product_brand":[],"product_cat":[357,327,334,353],"product_tag":[],"class_list":{"0":"post-2883","1":"product","2":"type-product","3":"status-publish","4":"has-post-thumbnail","6":"product_cat-anti-age-rides","7":"product_cat-hmizat","8":"product_cat-produits-coreens","9":"product_cat-some-by-mi","11":"first","12":"instock","13":"sale","14":"shipping-taxable","15":"purchasable","16":"product-type-simple"},"aioseo_notices":[],"uagb_featured_image_src":{"full":["https:\/\/wavexia.com\/wp-content\/uploads\/2025\/10\/Product-page-sizes_87c6f881-ad01-4723-93c5-5e0fe8c17427.webp",800,800,false],"thumbnail":["https:\/\/wavexia.com\/wp-content\/uploads\/2025\/10\/Product-page-sizes_87c6f881-ad01-4723-93c5-5e0fe8c17427-150x150.webp",150,150,true],"medium":["https:\/\/wavexia.com\/wp-content\/uploads\/2025\/10\/Product-page-sizes_87c6f881-ad01-4723-93c5-5e0fe8c17427-300x300.webp",300,300,true],"medium_large":["https:\/\/wavexia.com\/wp-content\/uploads\/2025\/10\/Product-page-sizes_87c6f881-ad01-4723-93c5-5e0fe8c17427-768x768.webp",768,768,true],"large":["https:\/\/wavexia.com\/wp-content\/uploads\/2025\/10\/Product-page-sizes_87c6f881-ad01-4723-93c5-5e0fe8c17427.webp",800,800,false],"1536x1536":["https:\/\/wavexia.com\/wp-content\/uploads\/2025\/10\/Product-page-sizes_87c6f881-ad01-4723-93c5-5e0fe8c17427.webp",800,800,false],"2048x2048":["https:\/\/wavexia.com\/wp-content\/uploads\/2025\/10\/Product-page-sizes_87c6f881-ad01-4723-93c5-5e0fe8c17427.webp",800,800,false],"woocommerce_archive_thumbnail":["https:\/\/wavexia.com\/wp-content\/uploads\/2025\/10\/Product-page-sizes_87c6f881-ad01-4723-93c5-5e0fe8c17427-300x300.webp",300,300,true],"woocommerce_thumbnail":["https:\/\/wavexia.com\/wp-content\/uploads\/2025\/10\/Product-page-sizes_87c6f881-ad01-4723-93c5-5e0fe8c17427-300x300.webp",300,300,true],"woocommerce_single":["https:\/\/wavexia.com\/wp-content\/uploads\/2025\/10\/Product-page-sizes_87c6f881-ad01-4723-93c5-5e0fe8c17427-600x600.webp",600,600,true],"woocommerce_gallery_thumbnail":["https:\/\/wavexia.com\/wp-content\/uploads\/2025\/10\/Product-page-sizes_87c6f881-ad01-4723-93c5-5e0fe8c17427-100x100.webp",100,100,true]},"uagb_author_info":{"display_name":"zineddine.ayoub98@gmail.com","author_link":"https:\/\/wavexia.com\/?author=0"},"uagb_comment_info":0,"uagb_excerpt":"Description Le Some By Mi Retinol Reactivating Serum est un s\u00e9rum anti-\u00e2ge incontournable ! Ce s\u00e9rum minimise l\u2019apparence des rides, r\u00e9pare la peau endommag\u00e9e par l\u2019acn\u00e9 sans laisser de cicatrices et procure une sensation de peau ferme et douce. La formule est enrichie d\u2019un m\u00e9lange de r\u00e9tinol, de r\u00e9tinal et de l\u2019herbe Bakuchiol. Cette composition&hellip;","brands":[],"_links":{"self":[{"href":"https:\/\/wavexia.com\/index.php?rest_route=\/wp\/v2\/product\/2883","targetHints":{"allow":["GET"]}}],"collection":[{"href":"https:\/\/wavexia.com\/index.php?rest_route=\/wp\/v2\/product"}],"about":[{"href":"https:\/\/wavexia.com\/index.php?rest_route=\/wp\/v2\/types\/product"}],"replies":[{"embeddable":true,"href":"https:\/\/wavexia.com\/index.php?rest_route=%2Fwp%2Fv2%2Fcomments&post=2883"}],"wp:featuredmedia":[{"embeddable":true,"href":"https:\/\/wavexia.com\/index.php?rest_route=\/wp\/v2\/media\/2600"}],"wp:attachment":[{"href":"https:\/\/wavexia.com\/index.php?rest_route=%2Fwp%2Fv2%2Fmedia&parent=2883"}],"wp:term":[{"taxonomy":"pwb-brand","embeddable":true,"href":"https:\/\/wavexia.com\/index.php?rest_route=%2Fwp%2Fv2%2Fpwb-brand&post=2883"},{"taxonomy":"product_brand","embeddable":true,"href":"https:\/\/wavexia.com\/index.php?rest_route=%2Fwp%2Fv2%2Fproduct_brand&post=2883"},{"taxonomy":"product_cat","embeddable":true,"href":"https:\/\/wavexia.com\/index.php?rest_route=%2Fwp%2Fv2%2Fproduct_cat&post=2883"},{"taxonomy":"product_tag","embeddable":true,"href":"https:\/\/wavexia.com\/index.php?rest_route=%2Fwp%2Fv2%2Fproduct_tag&post=2883"}],"curies":[{"name":"wp","href":"https:\/\/api.w.org\/{rel}","templated":true}]}}