{"id":2879,"date":"2025-10-18T22:09:07","date_gmt":"2025-10-18T22:09:07","guid":{"rendered":"https:\/\/wavexia.com\/product\/beauty-of-joseon-revive-serum-ginseng-snail-mucin-30ml\/"},"modified":"2026-03-10T07:30:49","modified_gmt":"2026-03-10T07:30:49","slug":"beauty-of-joseon-revive-serum-ginseng-snail-mucin-30ml","status":"publish","type":"product","link":"https:\/\/wavexia.com\/?product=beauty-of-joseon-revive-serum-ginseng-snail-mucin-30ml","title":{"rendered":"Beauty of Joseon \u2013 Revive Serum Ginseng &#038; Snail mucin 30ml"},"content":{"rendered":"<h2>Description<\/h2>\n<p>The Beauty Of Joseon Revive Serum Ginseng + Snail Mucin est un s\u00e9rum adapt\u00e9 \u00e0 tous les types de peau et convient mieux aux peaux ternes ou si vous souffrez de ridules \/ rides. Ce s\u00e9rum contient du Ginseng, qui assure une peau saine, nette et ferme. De plus, le s\u00e9rum contient \u00e9galement 3% de filtrat d\u2019escargot, ce qui assure une peau merveilleusement souple !<\/p>\n<p>Avec ce s\u00e9rum, vous retrouvez une peau saine et souple !<\/p>\n<p><strong>Ce s\u00e9rum :<\/strong><\/p>\n<ul>\n<li>pour tous les types de peau<\/li>\n<li>utiliser sur peau terne et ridules \/ rides<\/li>\n<li>convient \u00e9galement aux taches pigmentaires<\/li>\n<li>contient du Ginseng et 3% de filtrat d\u2019escargot<\/li>\n<li>assure une peau saine, nette et ferme<\/li>\n<li>rend votre peau souple<\/li>\n<li>sans cruaut\u00e9<\/li>\n<\/ul>\n<p><strong>Comment utiliser:<\/strong><\/p>\n<ul>\n<li>Appliquer 2 \u00e0 3 gouttes matin et\/ou soir sur une peau nettoy\u00e9e et s\u00e8che.<\/li>\n<li>Massez doucement jusqu\u2019\u00e0 ce qu\u2019il soit compl\u00e8tement absorb\u00e9 par votre peau.<\/li>\n<\/ul>\n<p><strong>Ingr\u00e9dients:<\/strong><br \/>Panax Ginseng Root Water, Water, Butylene Glycol, Snail Secretion Filtrate, Dipropylene Glycol, 1,2-Hexanediol, Glycerin, Niacinamide, Propanediol, Trehalose Carbomer, Tromethamine, Xanthan Gum,Centella Asiatica Extract, Ganoderma Lucidum(Mushroom) Extract, Panax Ginseng Root Extract, Malt Extract, Sodium Polyacrylate, Adenosine, Glyceryl Acrylate\/Acrylic Acid Copolymer, Disodium Edta, Phellinus Linteus Extract, Sodium Hyaluronate, Hydrolyzed Hyaluronic Acid, Forsythia Suspensa Fruit Extract, Lonicera Japonica(Honeysuckle)Flower Extract, Scutellaria Baicalensis Root Extract, Sodium Acetylated Hyaluronate.<\/p>\n","protected":false},"excerpt":{"rendered":"<p>Description The Beauty Of Joseon Revive Serum Ginseng + Snail Mucin est un s\u00e9rum adapt\u00e9 \u00e0 tous les types de peau et convient mieux aux peaux ternes ou si vous souffrez de ridules \/ rides. Ce s\u00e9rum contient du Ginseng, qui assure une peau saine, nette et ferme. De plus, le s\u00e9rum contient \u00e9galement 3% [&hellip;]<\/p>\n","protected":false},"featured_media":2588,"comment_status":"open","ping_status":"closed","template":"","meta":{"content-type":"","_uag_custom_page_level_css":""},"pwb-brand":[],"product_brand":[],"product_cat":[354,334,338],"product_tag":[],"class_list":{"0":"post-2879","1":"product","2":"type-product","3":"status-publish","4":"has-post-thumbnail","6":"product_cat-beauty-of-joseon","7":"product_cat-produits-coreens","8":"product_cat-serum-ampoule","10":"first","11":"instock","12":"sale","13":"shipping-taxable","14":"purchasable","15":"product-type-simple"},"aioseo_notices":[],"uagb_featured_image_src":{"full":["https:\/\/wavexia.com\/wp-content\/uploads\/2025\/10\/Product-page-sizes2_d75ecb14-9a9a-41ba-8748-b206c1096926.webp",800,800,false],"thumbnail":["https:\/\/wavexia.com\/wp-content\/uploads\/2025\/10\/Product-page-sizes2_d75ecb14-9a9a-41ba-8748-b206c1096926-150x150.webp",150,150,true],"medium":["https:\/\/wavexia.com\/wp-content\/uploads\/2025\/10\/Product-page-sizes2_d75ecb14-9a9a-41ba-8748-b206c1096926-300x300.webp",300,300,true],"medium_large":["https:\/\/wavexia.com\/wp-content\/uploads\/2025\/10\/Product-page-sizes2_d75ecb14-9a9a-41ba-8748-b206c1096926-768x768.webp",768,768,true],"large":["https:\/\/wavexia.com\/wp-content\/uploads\/2025\/10\/Product-page-sizes2_d75ecb14-9a9a-41ba-8748-b206c1096926.webp",800,800,false],"1536x1536":["https:\/\/wavexia.com\/wp-content\/uploads\/2025\/10\/Product-page-sizes2_d75ecb14-9a9a-41ba-8748-b206c1096926.webp",800,800,false],"2048x2048":["https:\/\/wavexia.com\/wp-content\/uploads\/2025\/10\/Product-page-sizes2_d75ecb14-9a9a-41ba-8748-b206c1096926.webp",800,800,false],"woocommerce_archive_thumbnail":["https:\/\/wavexia.com\/wp-content\/uploads\/2025\/10\/Product-page-sizes2_d75ecb14-9a9a-41ba-8748-b206c1096926-300x300.webp",300,300,true],"woocommerce_thumbnail":["https:\/\/wavexia.com\/wp-content\/uploads\/2025\/10\/Product-page-sizes2_d75ecb14-9a9a-41ba-8748-b206c1096926-300x300.webp",300,300,true],"woocommerce_single":["https:\/\/wavexia.com\/wp-content\/uploads\/2025\/10\/Product-page-sizes2_d75ecb14-9a9a-41ba-8748-b206c1096926-600x600.webp",600,600,true],"woocommerce_gallery_thumbnail":["https:\/\/wavexia.com\/wp-content\/uploads\/2025\/10\/Product-page-sizes2_d75ecb14-9a9a-41ba-8748-b206c1096926-100x100.webp",100,100,true]},"uagb_author_info":{"display_name":"zineddine.ayoub98@gmail.com","author_link":"https:\/\/wavexia.com\/?author=0"},"uagb_comment_info":0,"uagb_excerpt":"Description The Beauty Of Joseon Revive Serum Ginseng + Snail Mucin est un s\u00e9rum adapt\u00e9 \u00e0 tous les types de peau et convient mieux aux peaux ternes ou si vous souffrez de ridules \/ rides. Ce s\u00e9rum contient du Ginseng, qui assure une peau saine, nette et ferme. De plus, le s\u00e9rum contient \u00e9galement 3%&hellip;","brands":[],"_links":{"self":[{"href":"https:\/\/wavexia.com\/index.php?rest_route=\/wp\/v2\/product\/2879","targetHints":{"allow":["GET"]}}],"collection":[{"href":"https:\/\/wavexia.com\/index.php?rest_route=\/wp\/v2\/product"}],"about":[{"href":"https:\/\/wavexia.com\/index.php?rest_route=\/wp\/v2\/types\/product"}],"replies":[{"embeddable":true,"href":"https:\/\/wavexia.com\/index.php?rest_route=%2Fwp%2Fv2%2Fcomments&post=2879"}],"wp:featuredmedia":[{"embeddable":true,"href":"https:\/\/wavexia.com\/index.php?rest_route=\/wp\/v2\/media\/2588"}],"wp:attachment":[{"href":"https:\/\/wavexia.com\/index.php?rest_route=%2Fwp%2Fv2%2Fmedia&parent=2879"}],"wp:term":[{"taxonomy":"pwb-brand","embeddable":true,"href":"https:\/\/wavexia.com\/index.php?rest_route=%2Fwp%2Fv2%2Fpwb-brand&post=2879"},{"taxonomy":"product_brand","embeddable":true,"href":"https:\/\/wavexia.com\/index.php?rest_route=%2Fwp%2Fv2%2Fproduct_brand&post=2879"},{"taxonomy":"product_cat","embeddable":true,"href":"https:\/\/wavexia.com\/index.php?rest_route=%2Fwp%2Fv2%2Fproduct_cat&post=2879"},{"taxonomy":"product_tag","embeddable":true,"href":"https:\/\/wavexia.com\/index.php?rest_route=%2Fwp%2Fv2%2Fproduct_tag&post=2879"}],"curies":[{"name":"wp","href":"https:\/\/api.w.org\/{rel}","templated":true}]}}