{"id":2875,"date":"2025-10-18T22:09:07","date_gmt":"2025-10-18T22:09:07","guid":{"rendered":"https:\/\/wavexia.com\/product\/paulas-choice-2-bha-lotion-exfoliante-30ml\/"},"modified":"2026-03-10T07:30:49","modified_gmt":"2026-03-10T07:30:49","slug":"paulas-choice-2-bha-lotion-exfoliante-30ml","status":"publish","type":"product","link":"https:\/\/wavexia.com\/?product=paulas-choice-2-bha-lotion-exfoliante-30ml","title":{"rendered":"Paula\u00b4s Choice -2% BHA Lotion Exfoliante \u2013 30ml"},"content":{"rendered":"<h2>Description<\/h2>\n<div class=\"product-skin__half\">\n<p>Notre exfoliant n\u00b01 mondial. Retrouvez une peau sans d\u00e9faut gr\u00e2ce \u00e0 notre exfoliant le plus vendu au monde. Cette lotion douce, l\u00e9g\u00e8re, exfolie rapidement les cellules mortes \u00e0 la fois \u00e0 la surface de la peau et \u00e0 l\u2019int\u00e9rieur des pores pour faire ressortir l\u2019\u00e9clat, la nettet\u00e9 et la luminosit\u00e9 du teint. Le BHA (acide salicylique) qu\u2019elle contient r\u00e9gule les exc\u00e8s de s\u00e9bum et contribue \u00e0 r\u00e9duire les points noirs, les taches et les rougeurs.<\/p>\n<p><strong>Utilisation sugg\u00e9r\u00e9e&nbsp;:<\/strong><\/p>\n<p>\u2013&nbsp;Au d\u00e9but, utiliser aux deux jours, puis jusqu\u2019\u00e0 deux fois par jour.<\/p>\n<p>\u2013&nbsp;Appliquer sur le visage et le cou avec les doigts ou un tampon de coton.<\/p>\n<p>\u2013&nbsp;Ne pas rincer.<\/p>\n<p>\u2013&nbsp;Pour la journ\u00e9e, appliquer ensuite une protection solaire FPS&nbsp;30+.<\/p>\n<p>Astuces de pro&nbsp;:<\/p>\n<p>\u2013&nbsp; Utiliser l\u2019AHA avec l\u2019exfoliant liquide Skin Perfecting 2&nbsp;% BHA de Paula\u2019s Choice pour obtenir un \u00e9clat d\u00e9cupl\u00e9.<\/p>\n<p>\u2013&nbsp;D\u00e9butant&nbsp;: Commencez par l\u2019AHA tous les deux \u00e0 trois jours et le BHA tous les deux \u00e0 trois jours.<\/p>\n<p>\u2013&nbsp;Interm\u00e9diaire&nbsp;: Alterner AHA et BHA tous les deux jours.<\/p>\n<p>\u2013&nbsp;Avanc\u00e9&nbsp;: Utilisez quotidiennement l\u2019AHA et le BHA, l\u2019un le matin et l\u2019autre le soir.<\/p>\n<p>\u2013&nbsp;Pour de meilleurs r\u00e9sultats, Paula\u2019s&nbsp;Choice recommande d\u2019exp\u00e9rimenter l\u2019int\u00e9gration des deux parties du duo dans votre rituel.<\/p>\n<h5 class=\"product-skin__title product-section__title\">Type de peau :Tout types de peaux<\/h5>\n<h5 class=\"product-skin__title product-section__title\">Son action?<\/h5>\n<div class=\"product-skin__half\">\n<ul class=\"product-skin__list\">\n<li>\n<div class=\"content-asset\">\n<p>Aide \u00e0 r\u00e9duire les points noirs et les imperfections<\/p>\n<\/div>\n<\/li>\n<li>\n<div class=\"content-asset\">\n<p>Formule liquide \u00e0 absorption rapide<\/p>\n<\/div>\n<\/li>\n<li>\n<div class=\"content-asset\">\n<p>Elimine les cellules mortes<\/p>\n<\/div>\n<p>&nbsp;<\/p>\n<\/li>\n<\/ul>\n<\/div>\n<\/div>\n","protected":false},"excerpt":{"rendered":"<p>Description Notre exfoliant n\u00b01 mondial. Retrouvez une peau sans d\u00e9faut gr\u00e2ce \u00e0 notre exfoliant le plus vendu au monde. Cette lotion douce, l\u00e9g\u00e8re, exfolie rapidement les cellules mortes \u00e0 la fois \u00e0 la surface de la peau et \u00e0 l\u2019int\u00e9rieur des pores pour faire ressortir l\u2019\u00e9clat, la nettet\u00e9 et la luminosit\u00e9 du teint. Le BHA [&hellip;]<\/p>\n","protected":false},"featured_media":2577,"comment_status":"open","ping_status":"closed","template":"","meta":{"content-type":"","_uag_custom_page_level_css":""},"pwb-brand":[],"product_brand":[],"product_cat":[327,339,358,323,345],"product_tag":[],"class_list":{"0":"post-2875","1":"product","2":"type-product","3":"status-publish","4":"has-post-thumbnail","6":"product_cat-hmizat","7":"product_cat-meilleures-ventes","8":"product_cat-paulas-choice","9":"product_cat-skincare","10":"product_cat-toner-pads","12":"first","13":"instock","14":"sale","15":"shipping-taxable","16":"purchasable","17":"product-type-simple"},"aioseo_notices":[],"uagb_featured_image_src":{"full":["https:\/\/wavexia.com\/wp-content\/uploads\/2025\/10\/IMG_1722.webp",1500,1500,false],"thumbnail":["https:\/\/wavexia.com\/wp-content\/uploads\/2025\/10\/IMG_1722-150x150.webp",150,150,true],"medium":["https:\/\/wavexia.com\/wp-content\/uploads\/2025\/10\/IMG_1722-300x300.webp",300,300,true],"medium_large":["https:\/\/wavexia.com\/wp-content\/uploads\/2025\/10\/IMG_1722-768x768.webp",768,768,true],"large":["https:\/\/wavexia.com\/wp-content\/uploads\/2025\/10\/IMG_1722-1024x1024.webp",1024,1024,true],"1536x1536":["https:\/\/wavexia.com\/wp-content\/uploads\/2025\/10\/IMG_1722.webp",1500,1500,false],"2048x2048":["https:\/\/wavexia.com\/wp-content\/uploads\/2025\/10\/IMG_1722.webp",1500,1500,false],"woocommerce_archive_thumbnail":["https:\/\/wavexia.com\/wp-content\/uploads\/2025\/10\/IMG_1722-300x300.webp",300,300,true],"woocommerce_thumbnail":["https:\/\/wavexia.com\/wp-content\/uploads\/2025\/10\/IMG_1722-300x300.webp",300,300,true],"woocommerce_single":["https:\/\/wavexia.com\/wp-content\/uploads\/2025\/10\/IMG_1722-600x600.webp",600,600,true],"woocommerce_gallery_thumbnail":["https:\/\/wavexia.com\/wp-content\/uploads\/2025\/10\/IMG_1722-100x100.webp",100,100,true]},"uagb_author_info":{"display_name":"zineddine.ayoub98@gmail.com","author_link":"https:\/\/wavexia.com\/?author=0"},"uagb_comment_info":0,"uagb_excerpt":"Description Notre exfoliant n\u00b01 mondial. Retrouvez une peau sans d\u00e9faut gr\u00e2ce \u00e0 notre exfoliant le plus vendu au monde. Cette lotion douce, l\u00e9g\u00e8re, exfolie rapidement les cellules mortes \u00e0 la fois \u00e0 la surface de la peau et \u00e0 l\u2019int\u00e9rieur des pores pour faire ressortir l\u2019\u00e9clat, la nettet\u00e9 et la luminosit\u00e9 du teint. Le BHA&hellip;","brands":[],"_links":{"self":[{"href":"https:\/\/wavexia.com\/index.php?rest_route=\/wp\/v2\/product\/2875","targetHints":{"allow":["GET"]}}],"collection":[{"href":"https:\/\/wavexia.com\/index.php?rest_route=\/wp\/v2\/product"}],"about":[{"href":"https:\/\/wavexia.com\/index.php?rest_route=\/wp\/v2\/types\/product"}],"replies":[{"embeddable":true,"href":"https:\/\/wavexia.com\/index.php?rest_route=%2Fwp%2Fv2%2Fcomments&post=2875"}],"wp:featuredmedia":[{"embeddable":true,"href":"https:\/\/wavexia.com\/index.php?rest_route=\/wp\/v2\/media\/2577"}],"wp:attachment":[{"href":"https:\/\/wavexia.com\/index.php?rest_route=%2Fwp%2Fv2%2Fmedia&parent=2875"}],"wp:term":[{"taxonomy":"pwb-brand","embeddable":true,"href":"https:\/\/wavexia.com\/index.php?rest_route=%2Fwp%2Fv2%2Fpwb-brand&post=2875"},{"taxonomy":"product_brand","embeddable":true,"href":"https:\/\/wavexia.com\/index.php?rest_route=%2Fwp%2Fv2%2Fproduct_brand&post=2875"},{"taxonomy":"product_cat","embeddable":true,"href":"https:\/\/wavexia.com\/index.php?rest_route=%2Fwp%2Fv2%2Fproduct_cat&post=2875"},{"taxonomy":"product_tag","embeddable":true,"href":"https:\/\/wavexia.com\/index.php?rest_route=%2Fwp%2Fv2%2Fproduct_tag&post=2875"}],"curies":[{"name":"wp","href":"https:\/\/api.w.org\/{rel}","templated":true}]}}