{"id":2874,"date":"2025-10-18T22:09:07","date_gmt":"2025-10-18T22:09:07","guid":{"rendered":"https:\/\/wavexia.com\/product\/medicube-triple-collagen-serum-55ml\/"},"modified":"2026-03-10T07:30:49","modified_gmt":"2026-03-10T07:30:49","slug":"medicube-triple-collagen-serum-55ml","status":"publish","type":"product","link":"https:\/\/wavexia.com\/?product=medicube-triple-collagen-serum-55ml","title":{"rendered":"Medicube Triple Collagen Serum \u2013 55ml"},"content":{"rendered":"<h2>Description<\/h2>\n<p><strong>Medicube Triple Collagen Serum est un s\u00e9rum avanc\u00e9<\/strong> qui renforce l\u2019\u00e9lasticit\u00e9 de la peau et l\u2019hydrate en profondeur pour lui donner un \u00e9clat radieux et jeune. Le s\u00e9rum contient un triple complexe de collag\u00e8ne compos\u00e9 de collag\u00e8ne hydrolys\u00e9, d\u2019at\u00e9lo-collag\u00e8ne et de collag\u00e8ne soluble qui agissent ensemble pour nourrir et hydrater la peau de mani\u00e8re intense, rapidement et efficacement.<\/p>\n<p><strong>Avantages :<\/strong><\/p>\n<ul>\n<li><strong>Am\u00e9lioration de l\u2019\u00e9lasticit\u00e9 : <\/strong>Le s\u00e9rum contient des ingr\u00e9dients qui favorisent l\u2019\u00e9lasticit\u00e9 de la peau, ce qui peut contribuer \u00e0 r\u00e9duire l\u2019apparence des rides et ridules.<\/li>\n<li><strong>Hydratation intensive :<\/strong> L\u2019hydratation en profondeur apport\u00e9e par le collag\u00e8ne et l\u2019acide hyaluronique permet de repulper la peau et d\u2019am\u00e9liorer son aspect g\u00e9n\u00e9ral et sa sensation.<\/li>\n<li><strong>Texture de la peau :<\/strong> R\u00e9guli\u00e8re Utilisation peut am\u00e9liorer la texture de la peau, ce qui permet d\u2019obtenir une peau plus lisse et plus douce.<\/li>\n<li><strong>Absorption rapide :<\/strong> La formule l\u00e9g\u00e8re est rapidement absorb\u00e9e et ne laisse aucune sensation de lourdeur ou de collant sur la peau.<\/li>\n<li><strong>Convient \u00e0 tous les types de peau :<\/strong> Formul\u00e9 pour \u00eatre doux et efficace pour tous les types de peau, y compris les peaux sensibles.<\/li>\n<\/ul>\n<p><strong>Utilisation :<\/strong><\/p>\n<ol>\n<li><strong>Nettoyage :<\/strong> Commencez par nettoyer soigneusement votre visage pour \u00e9liminer la salet\u00e9 et les huiles.<\/li>\n<li><strong>Tonifier :<\/strong> Utilisez un tonique pour pr\u00e9parer la peau et \u00e9quilibrer le pH.<\/li>\n<li><strong>Application : <\/strong>Pr\u00e9levez une quantit\u00e9 appropri\u00e9e de s\u00e9rum et appliquez-la uniform\u00e9ment sur l\u2019ensemble du visage.<\/li>\n<li><strong>Faites p\u00e9n\u00e9trer en tapotant : <\/strong>Pour favoriser l\u2019absorption, faites p\u00e9n\u00e9trer le s\u00e9rum en tapotant doucement jusqu\u2019\u00e0 ce qu\u2019il soit enti\u00e8rement absorb\u00e9.<\/li>\n<\/ol>\n<h5 class=\"station-tabs-tabtitle\"><span id=\"station-tabs-tab_pt-i0-t146971\" class=\"station-tabs-tab mod-pro-tab is-active\" tabindex=\"0\" role=\"button\" data-pro-tab-id=\"146971\" data-type=\"text\" data-position=\"3\" aria-controls=\"station-tabs-tabpanel_pt-i0-t146971\" data-slug=\"ingredients\" aria-expanded=\"true\"><span class=\"station-tabs-tabtext\">Ingr\u00e9dients<\/span><\/span><\/h5>\n<div id=\"station-tabs-tabpanel_pt-i0-t146971\" class=\"station-tabs-tabpanel is-active\" role=\"region\" data-pro-tab-id=\"146971\" data-type=\"text\" aria-labelledby=\"station-tabs-tab_pt-i0-t146971\" aria-hidden=\"false\">\n<div class=\"station-tabs-tabcontent\">\n<p>Water, Glycerin, Butylene Glycol, Cetyl Ethylhexanoate, 1,2-Hexanediol, Alcohol Denat, Niacinamide, Glycereth-26, Adenosine, Hydrolyzed Collagen, Hyaluronic Acid, Hydrolyzed Hyaluronic Acid, Sodium Hyaluronate, Soluble Collagen, Collagen Extract, Atelocollagen, Propanediol, Cyclopentasiloxane, Trehalose, Carbomer, Cetearyl Olivate, Tromethamine, Cyclohexasiloxane, Sorbitan Olivate, Ethylhexylglycerin, Disodium EDTA, Dimethicone, Fragrance.<\/p>\n<\/div>\n<\/div>\n","protected":false},"excerpt":{"rendered":"<p>Description Medicube Triple Collagen Serum est un s\u00e9rum avanc\u00e9 qui renforce l\u2019\u00e9lasticit\u00e9 de la peau et l\u2019hydrate en profondeur pour lui donner un \u00e9clat radieux et jeune. Le s\u00e9rum contient un triple complexe de collag\u00e8ne compos\u00e9 de collag\u00e8ne hydrolys\u00e9, d\u2019at\u00e9lo-collag\u00e8ne et de collag\u00e8ne soluble qui agissent ensemble pour nourrir et hydrater la peau de mani\u00e8re [&hellip;]<\/p>\n","protected":false},"featured_media":2573,"comment_status":"open","ping_status":"closed","template":"","meta":{"content-type":"","_uag_custom_page_level_css":""},"pwb-brand":[],"product_brand":[],"product_cat":[327,349,338],"product_tag":[],"class_list":{"0":"post-2874","1":"product","2":"type-product","3":"status-publish","4":"has-post-thumbnail","6":"product_cat-hmizat","7":"product_cat-medicube","8":"product_cat-serum-ampoule","10":"first","11":"instock","12":"sale","13":"shipping-taxable","14":"purchasable","15":"product-type-simple"},"aioseo_notices":[],"uagb_featured_image_src":{"full":["https:\/\/wavexia.com\/wp-content\/uploads\/2025\/10\/IMG_2241.jpeg",1080,1080,false],"thumbnail":["https:\/\/wavexia.com\/wp-content\/uploads\/2025\/10\/IMG_2241-150x150.jpeg",150,150,true],"medium":["https:\/\/wavexia.com\/wp-content\/uploads\/2025\/10\/IMG_2241-300x300.jpeg",300,300,true],"medium_large":["https:\/\/wavexia.com\/wp-content\/uploads\/2025\/10\/IMG_2241-768x768.jpeg",768,768,true],"large":["https:\/\/wavexia.com\/wp-content\/uploads\/2025\/10\/IMG_2241-1024x1024.jpeg",1024,1024,true],"1536x1536":["https:\/\/wavexia.com\/wp-content\/uploads\/2025\/10\/IMG_2241.jpeg",1080,1080,false],"2048x2048":["https:\/\/wavexia.com\/wp-content\/uploads\/2025\/10\/IMG_2241.jpeg",1080,1080,false],"woocommerce_archive_thumbnail":["https:\/\/wavexia.com\/wp-content\/uploads\/2025\/10\/IMG_2241-300x300.jpeg",300,300,true],"woocommerce_thumbnail":["https:\/\/wavexia.com\/wp-content\/uploads\/2025\/10\/IMG_2241-300x300.jpeg",300,300,true],"woocommerce_single":["https:\/\/wavexia.com\/wp-content\/uploads\/2025\/10\/IMG_2241-600x600.jpeg",600,600,true],"woocommerce_gallery_thumbnail":["https:\/\/wavexia.com\/wp-content\/uploads\/2025\/10\/IMG_2241-100x100.jpeg",100,100,true]},"uagb_author_info":{"display_name":"zineddine.ayoub98@gmail.com","author_link":"https:\/\/wavexia.com\/?author=0"},"uagb_comment_info":0,"uagb_excerpt":"Description Medicube Triple Collagen Serum est un s\u00e9rum avanc\u00e9 qui renforce l\u2019\u00e9lasticit\u00e9 de la peau et l\u2019hydrate en profondeur pour lui donner un \u00e9clat radieux et jeune. Le s\u00e9rum contient un triple complexe de collag\u00e8ne compos\u00e9 de collag\u00e8ne hydrolys\u00e9, d\u2019at\u00e9lo-collag\u00e8ne et de collag\u00e8ne soluble qui agissent ensemble pour nourrir et hydrater la peau de mani\u00e8re&hellip;","brands":[],"_links":{"self":[{"href":"https:\/\/wavexia.com\/index.php?rest_route=\/wp\/v2\/product\/2874","targetHints":{"allow":["GET"]}}],"collection":[{"href":"https:\/\/wavexia.com\/index.php?rest_route=\/wp\/v2\/product"}],"about":[{"href":"https:\/\/wavexia.com\/index.php?rest_route=\/wp\/v2\/types\/product"}],"replies":[{"embeddable":true,"href":"https:\/\/wavexia.com\/index.php?rest_route=%2Fwp%2Fv2%2Fcomments&post=2874"}],"wp:featuredmedia":[{"embeddable":true,"href":"https:\/\/wavexia.com\/index.php?rest_route=\/wp\/v2\/media\/2573"}],"wp:attachment":[{"href":"https:\/\/wavexia.com\/index.php?rest_route=%2Fwp%2Fv2%2Fmedia&parent=2874"}],"wp:term":[{"taxonomy":"pwb-brand","embeddable":true,"href":"https:\/\/wavexia.com\/index.php?rest_route=%2Fwp%2Fv2%2Fpwb-brand&post=2874"},{"taxonomy":"product_brand","embeddable":true,"href":"https:\/\/wavexia.com\/index.php?rest_route=%2Fwp%2Fv2%2Fproduct_brand&post=2874"},{"taxonomy":"product_cat","embeddable":true,"href":"https:\/\/wavexia.com\/index.php?rest_route=%2Fwp%2Fv2%2Fproduct_cat&post=2874"},{"taxonomy":"product_tag","embeddable":true,"href":"https:\/\/wavexia.com\/index.php?rest_route=%2Fwp%2Fv2%2Fproduct_tag&post=2874"}],"curies":[{"name":"wp","href":"https:\/\/api.w.org\/{rel}","templated":true}]}}