{"id":2866,"date":"2025-10-18T22:09:05","date_gmt":"2025-10-18T22:09:05","guid":{"rendered":"https:\/\/wavexia.com\/product\/anua-azelaic-10-hyaluron-redness-soothing-pad-90-pads\/"},"modified":"2026-03-10T07:30:48","modified_gmt":"2026-03-10T07:30:48","slug":"anua-azelaic-10-hyaluron-redness-soothing-pad-90-pads","status":"publish","type":"product","link":"https:\/\/wavexia.com\/?product=anua-azelaic-10-hyaluron-redness-soothing-pad-90-pads","title":{"rendered":"Anua Azelaic 10 Hyaluron Redness Soothing Pad 90 Pads"},"content":{"rendered":"<h2>Description<\/h2>\n<p>D\u00e9couvre le secret d\u2019une peau apais\u00e9e et nette gr\u00e2ce aux Azelaic 10 Hyaluron Redness Soothing Pads Anua, soigneusement con\u00e7ues pour traiter les signes visibles d\u2019irritation et favoriser un teint plus \u00e9quilibr\u00e9.<\/p>\n<p>Cette compresse innovante contient un m\u00e9lange puissant de 10 % d\u2019acide az\u00e9la\u00efque, un ingr\u00e9dient r\u00e9put\u00e9 pour sa capacit\u00e9 \u00e0 r\u00e9duire les rougeurs et \u00e0 uniformiser le teint, ainsi que plusieurs formes d\u2019acide hyaluronique pour hydrater en profondeur et renforcer la barri\u00e8re naturelle de la peau. Retrouve confiance en toi gr\u00e2ce \u00e0 un teint visiblement apais\u00e9 et adopte cette compresse sp\u00e9cialement formul\u00e9e comme produit incontournable pour une peau plus saine et \u00e9clatante de sant\u00e9.<\/p>\n<p><strong>Recommand\u00e9 pour :&nbsp;<\/strong>Peaux sensibles, tous types de peaux.<\/p>\n<h5><strong>Conseils d\u2019utilisation :<\/strong><\/h5>\n<ul>\n<li>Apr\u00e8s avoir nettoy\u00e9 ta peau, pr\u00e9l\u00e8ve une compresse.<\/li>\n<li>Applique la compresse directement sur les zones concern\u00e9es qui pr\u00e9sentent des rougeurs, des irritations ou des \u00e9ruptions cutan\u00e9es (par exemple, les joues, le front, le menton).<\/li>\n<li>Laisse agir pendant 5 \u00e0 20 minutes, comme un mini masque tissu.<\/li>\n<li>Retire la compresse et tapote doucement ton visage pour faire p\u00e9n\u00e9trer l\u2019essence restante dans ta peau.<\/li>\n<\/ul>\n<p>Conseil :&nbsp;les compresses sont extensibles, tu peux donc les \u00e9tirer doucement pour couvrir des zones plus larges si n\u00e9cessaire.<\/p>\n<h5>ingr\u00e9dients:<\/h5>\n<p>Eau, Butyl\u00e8ne Glycol, Dipropyl\u00e8ne Glycol, Propanediol, Glyc\u00e9rine, B\u00e9ta\u00efne, Diglyc\u00e9rine, M\u00e9thylpropanediol, Ur\u00e9e Hydroxy\u00e9thyl\u00e9e, 1,2-Hexanediol, Hydroxyac\u00e9toph\u00e9none, Glyc\u00e9reth-25 PCA Isost\u00e9arate, Panth\u00e9nol, Extrait de Feuille de Melia Azadirachta, Gomme Xanthane, Ethylhexylglyc\u00e9rine, Disodium EDTA, Extrait de Fleur de Melia Azadirachta, Allanto\u00efne, Polyacrylate de Sodium, Copolym\u00e8re Acrylate de Glyc\u00e9ryle\/Acide Acrylique, Copolym\u00e8re PVM\/MA, Extrait de Graine de Theobroma Cacao, Dextrine, Acide Hyaluronique Hydrolys\u00e9, Acide Hyaluronique, Hyaluronate de Sodium, Acide Az\u00e9la\u00efque, Bisabolol, Dipotassium Glycyrrhizate, Extrait de Ma\u00efs (Zea Mays), Extrait de Centella Asiatica, Extrait de Feuille de Centella Asiatica, Extrait de Racine de Centella Asiatica, Acide Asiatic, Asiaticoside, Acide Mad\u00e9cassique, Mad\u00e9cassoside, C\u00e9ramide NP, Extrait de Chlorella Vulgaris, Eau de Feuille de Melaleuca Alternifolia (Arbre \u00e0 Th\u00e9), Squalane, Hyaluronate de Dim\u00e9thylsilanol, Hyaluronate de Sodium Hydrolys\u00e9, Fructane, Extrait d\u2019\u00c9corce de Pinus Pinaster, Hyaluronate de Potassium, Hyaluronate d\u2019Hydroxypropyltrimonium, Hyaluronate de Sodium r\u00e9ticul\u00e9, Glucose, Dim\u00e9thylsilanol Hyaluronate de Sodium, Hyaluronate de Sodium Ac\u00e9tyl\u00e9.<\/p>\n","protected":false},"excerpt":{"rendered":"<p>Description D\u00e9couvre le secret d\u2019une peau apais\u00e9e et nette gr\u00e2ce aux Azelaic 10 Hyaluron Redness Soothing Pads Anua, soigneusement con\u00e7ues pour traiter les signes visibles d\u2019irritation et favoriser un teint plus \u00e9quilibr\u00e9. Cette compresse innovante contient un m\u00e9lange puissant de 10 % d\u2019acide az\u00e9la\u00efque, un ingr\u00e9dient r\u00e9put\u00e9 pour sa capacit\u00e9 \u00e0 r\u00e9duire les rougeurs et [&hellip;]<\/p>\n","protected":false},"featured_media":2539,"comment_status":"open","ping_status":"closed","template":"","meta":{"content-type":"","_uag_custom_page_level_css":""},"pwb-brand":[],"product_brand":[],"product_cat":[344,327,328,334,345],"product_tag":[],"class_list":{"0":"post-2866","1":"product","2":"type-product","3":"status-publish","4":"has-post-thumbnail","6":"product_cat-anua","7":"product_cat-hmizat","8":"product_cat-nouveautes","9":"product_cat-produits-coreens","10":"product_cat-toner-pads","12":"first","13":"instock","14":"sale","15":"shipping-taxable","16":"purchasable","17":"product-type-simple"},"aioseo_notices":[],"uagb_featured_image_src":{"full":["https:\/\/wavexia.com\/wp-content\/uploads\/2025\/10\/anua-soothing-pad-azelaic-10-hyaluron-90-pads.jpg",700,700,false],"thumbnail":["https:\/\/wavexia.com\/wp-content\/uploads\/2025\/10\/anua-soothing-pad-azelaic-10-hyaluron-90-pads-150x150.jpg",150,150,true],"medium":["https:\/\/wavexia.com\/wp-content\/uploads\/2025\/10\/anua-soothing-pad-azelaic-10-hyaluron-90-pads-300x300.jpg",300,300,true],"medium_large":["https:\/\/wavexia.com\/wp-content\/uploads\/2025\/10\/anua-soothing-pad-azelaic-10-hyaluron-90-pads.jpg",700,700,false],"large":["https:\/\/wavexia.com\/wp-content\/uploads\/2025\/10\/anua-soothing-pad-azelaic-10-hyaluron-90-pads.jpg",700,700,false],"1536x1536":["https:\/\/wavexia.com\/wp-content\/uploads\/2025\/10\/anua-soothing-pad-azelaic-10-hyaluron-90-pads.jpg",700,700,false],"2048x2048":["https:\/\/wavexia.com\/wp-content\/uploads\/2025\/10\/anua-soothing-pad-azelaic-10-hyaluron-90-pads.jpg",700,700,false],"woocommerce_archive_thumbnail":["https:\/\/wavexia.com\/wp-content\/uploads\/2025\/10\/anua-soothing-pad-azelaic-10-hyaluron-90-pads-300x300.jpg",300,300,true],"woocommerce_thumbnail":["https:\/\/wavexia.com\/wp-content\/uploads\/2025\/10\/anua-soothing-pad-azelaic-10-hyaluron-90-pads-300x300.jpg",300,300,true],"woocommerce_single":["https:\/\/wavexia.com\/wp-content\/uploads\/2025\/10\/anua-soothing-pad-azelaic-10-hyaluron-90-pads-600x600.jpg",600,600,true],"woocommerce_gallery_thumbnail":["https:\/\/wavexia.com\/wp-content\/uploads\/2025\/10\/anua-soothing-pad-azelaic-10-hyaluron-90-pads-100x100.jpg",100,100,true]},"uagb_author_info":{"display_name":"zineddine.ayoub98@gmail.com","author_link":"https:\/\/wavexia.com\/?author=0"},"uagb_comment_info":0,"uagb_excerpt":"Description D\u00e9couvre le secret d\u2019une peau apais\u00e9e et nette gr\u00e2ce aux Azelaic 10 Hyaluron Redness Soothing Pads Anua, soigneusement con\u00e7ues pour traiter les signes visibles d\u2019irritation et favoriser un teint plus \u00e9quilibr\u00e9. Cette compresse innovante contient un m\u00e9lange puissant de 10 % d\u2019acide az\u00e9la\u00efque, un ingr\u00e9dient r\u00e9put\u00e9 pour sa capacit\u00e9 \u00e0 r\u00e9duire les rougeurs et&hellip;","brands":[],"_links":{"self":[{"href":"https:\/\/wavexia.com\/index.php?rest_route=\/wp\/v2\/product\/2866","targetHints":{"allow":["GET"]}}],"collection":[{"href":"https:\/\/wavexia.com\/index.php?rest_route=\/wp\/v2\/product"}],"about":[{"href":"https:\/\/wavexia.com\/index.php?rest_route=\/wp\/v2\/types\/product"}],"replies":[{"embeddable":true,"href":"https:\/\/wavexia.com\/index.php?rest_route=%2Fwp%2Fv2%2Fcomments&post=2866"}],"wp:featuredmedia":[{"embeddable":true,"href":"https:\/\/wavexia.com\/index.php?rest_route=\/wp\/v2\/media\/2539"}],"wp:attachment":[{"href":"https:\/\/wavexia.com\/index.php?rest_route=%2Fwp%2Fv2%2Fmedia&parent=2866"}],"wp:term":[{"taxonomy":"pwb-brand","embeddable":true,"href":"https:\/\/wavexia.com\/index.php?rest_route=%2Fwp%2Fv2%2Fpwb-brand&post=2866"},{"taxonomy":"product_brand","embeddable":true,"href":"https:\/\/wavexia.com\/index.php?rest_route=%2Fwp%2Fv2%2Fproduct_brand&post=2866"},{"taxonomy":"product_cat","embeddable":true,"href":"https:\/\/wavexia.com\/index.php?rest_route=%2Fwp%2Fv2%2Fproduct_cat&post=2866"},{"taxonomy":"product_tag","embeddable":true,"href":"https:\/\/wavexia.com\/index.php?rest_route=%2Fwp%2Fv2%2Fproduct_tag&post=2866"}],"curies":[{"name":"wp","href":"https:\/\/api.w.org\/{rel}","templated":true}]}}