{"id":2853,"date":"2025-10-18T22:09:04","date_gmt":"2025-10-18T22:09:04","guid":{"rendered":"https:\/\/wavexia.com\/product\/anua-rice-70-glow-milky-toner-250ml\/"},"modified":"2026-03-10T07:30:48","modified_gmt":"2026-03-10T07:30:48","slug":"anua-rice-70-glow-milky-toner-250ml","status":"publish","type":"product","link":"https:\/\/wavexia.com\/?product=anua-rice-70-glow-milky-toner-250ml","title":{"rendered":"ANUA RICE 70 GLOW MILKY TONER 250ML"},"content":{"rendered":"<h2>Description<\/h2>\n<p>Plongez votre peau dans une hydratation \u00e9clatante avec l\u2019ANUA Rice 70 Glow Milky Toner. Con\u00e7u pour les peaux s\u00e8ches, ternes ou sensibles, ce toner lact\u00e9, riche en extrait de riz \u00e0 70 %, nourrit, adoucit et illumine votre teint tout en renfor\u00e7ant la barri\u00e8re cutan\u00e9e.<\/p>\n<p>Bienfaits :<br \/>Hydrate intens\u00e9ment pour une peau douce et souple.<br \/>Illumine et uniformise le teint gr\u00e2ce \u00e0 l\u2019extrait de riz.<br \/>Renforce la barri\u00e8re cutan\u00e9e pour prot\u00e9ger contre les agressions ext\u00e9rieures.<br \/>Apaise les irritations et les rougeurs avec sa texture douce et l\u00e9g\u00e8re.<br \/>Pr\u00e9pare la peau \u00e0 recevoir les soins suivants en am\u00e9liorant leur absorption.<\/p>\n<p>Contenance : 250 ml<\/p>\n<p>Mode d\u2019utilisation :<\/p>\n<p>Apr\u00e8s le nettoyage, appliquez une quantit\u00e9 mod\u00e9r\u00e9e de toner sur un coton ou directement avec les mains.<br \/>Tapotez doucement sur le visage et le cou jusqu\u2019\u00e0 absorption compl\u00e8te.<\/p>\n","protected":false},"excerpt":{"rendered":"<p>Description Plongez votre peau dans une hydratation \u00e9clatante avec l\u2019ANUA Rice 70 Glow Milky Toner. Con\u00e7u pour les peaux s\u00e8ches, ternes ou sensibles, ce toner lact\u00e9, riche en extrait de riz \u00e0 70 %, nourrit, adoucit et illumine votre teint tout en renfor\u00e7ant la barri\u00e8re cutan\u00e9e. Bienfaits :Hydrate intens\u00e9ment pour une peau douce et souple.Illumine [&hellip;]<\/p>\n","protected":false},"featured_media":2490,"comment_status":"open","ping_status":"closed","template":"","meta":{"content-type":"","_uag_custom_page_level_css":""},"pwb-brand":[],"product_brand":[],"product_cat":[344,327,334,345],"product_tag":[],"class_list":{"0":"post-2853","1":"product","2":"type-product","3":"status-publish","4":"has-post-thumbnail","6":"product_cat-anua","7":"product_cat-hmizat","8":"product_cat-produits-coreens","9":"product_cat-toner-pads","11":"first","12":"instock","13":"sale","14":"shipping-taxable","15":"purchasable","16":"product-type-simple"},"aioseo_notices":[],"uagb_featured_image_src":{"full":["https:\/\/wavexia.com\/wp-content\/uploads\/2025\/10\/04d6ec82-2c94-4f28-a879-aa1b9bbf360c.3a60b9c492ea518245fbbcb6ead2e670.webp",768,768,false],"thumbnail":["https:\/\/wavexia.com\/wp-content\/uploads\/2025\/10\/04d6ec82-2c94-4f28-a879-aa1b9bbf360c.3a60b9c492ea518245fbbcb6ead2e670-150x150.webp",150,150,true],"medium":["https:\/\/wavexia.com\/wp-content\/uploads\/2025\/10\/04d6ec82-2c94-4f28-a879-aa1b9bbf360c.3a60b9c492ea518245fbbcb6ead2e670-300x300.webp",300,300,true],"medium_large":["https:\/\/wavexia.com\/wp-content\/uploads\/2025\/10\/04d6ec82-2c94-4f28-a879-aa1b9bbf360c.3a60b9c492ea518245fbbcb6ead2e670.webp",768,768,false],"large":["https:\/\/wavexia.com\/wp-content\/uploads\/2025\/10\/04d6ec82-2c94-4f28-a879-aa1b9bbf360c.3a60b9c492ea518245fbbcb6ead2e670.webp",768,768,false],"1536x1536":["https:\/\/wavexia.com\/wp-content\/uploads\/2025\/10\/04d6ec82-2c94-4f28-a879-aa1b9bbf360c.3a60b9c492ea518245fbbcb6ead2e670.webp",768,768,false],"2048x2048":["https:\/\/wavexia.com\/wp-content\/uploads\/2025\/10\/04d6ec82-2c94-4f28-a879-aa1b9bbf360c.3a60b9c492ea518245fbbcb6ead2e670.webp",768,768,false],"woocommerce_archive_thumbnail":["https:\/\/wavexia.com\/wp-content\/uploads\/2025\/10\/04d6ec82-2c94-4f28-a879-aa1b9bbf360c.3a60b9c492ea518245fbbcb6ead2e670-300x300.webp",300,300,true],"woocommerce_thumbnail":["https:\/\/wavexia.com\/wp-content\/uploads\/2025\/10\/04d6ec82-2c94-4f28-a879-aa1b9bbf360c.3a60b9c492ea518245fbbcb6ead2e670-300x300.webp",300,300,true],"woocommerce_single":["https:\/\/wavexia.com\/wp-content\/uploads\/2025\/10\/04d6ec82-2c94-4f28-a879-aa1b9bbf360c.3a60b9c492ea518245fbbcb6ead2e670-600x600.webp",600,600,true],"woocommerce_gallery_thumbnail":["https:\/\/wavexia.com\/wp-content\/uploads\/2025\/10\/04d6ec82-2c94-4f28-a879-aa1b9bbf360c.3a60b9c492ea518245fbbcb6ead2e670-100x100.webp",100,100,true]},"uagb_author_info":{"display_name":"zineddine.ayoub98@gmail.com","author_link":"https:\/\/wavexia.com\/?author=0"},"uagb_comment_info":0,"uagb_excerpt":"Description Plongez votre peau dans une hydratation \u00e9clatante avec l\u2019ANUA Rice 70 Glow Milky Toner. Con\u00e7u pour les peaux s\u00e8ches, ternes ou sensibles, ce toner lact\u00e9, riche en extrait de riz \u00e0 70 %, nourrit, adoucit et illumine votre teint tout en renfor\u00e7ant la barri\u00e8re cutan\u00e9e. Bienfaits :Hydrate intens\u00e9ment pour une peau douce et souple.Illumine&hellip;","brands":[],"_links":{"self":[{"href":"https:\/\/wavexia.com\/index.php?rest_route=\/wp\/v2\/product\/2853","targetHints":{"allow":["GET"]}}],"collection":[{"href":"https:\/\/wavexia.com\/index.php?rest_route=\/wp\/v2\/product"}],"about":[{"href":"https:\/\/wavexia.com\/index.php?rest_route=\/wp\/v2\/types\/product"}],"replies":[{"embeddable":true,"href":"https:\/\/wavexia.com\/index.php?rest_route=%2Fwp%2Fv2%2Fcomments&post=2853"}],"wp:featuredmedia":[{"embeddable":true,"href":"https:\/\/wavexia.com\/index.php?rest_route=\/wp\/v2\/media\/2490"}],"wp:attachment":[{"href":"https:\/\/wavexia.com\/index.php?rest_route=%2Fwp%2Fv2%2Fmedia&parent=2853"}],"wp:term":[{"taxonomy":"pwb-brand","embeddable":true,"href":"https:\/\/wavexia.com\/index.php?rest_route=%2Fwp%2Fv2%2Fpwb-brand&post=2853"},{"taxonomy":"product_brand","embeddable":true,"href":"https:\/\/wavexia.com\/index.php?rest_route=%2Fwp%2Fv2%2Fproduct_brand&post=2853"},{"taxonomy":"product_cat","embeddable":true,"href":"https:\/\/wavexia.com\/index.php?rest_route=%2Fwp%2Fv2%2Fproduct_cat&post=2853"},{"taxonomy":"product_tag","embeddable":true,"href":"https:\/\/wavexia.com\/index.php?rest_route=%2Fwp%2Fv2%2Fproduct_tag&post=2853"}],"curies":[{"name":"wp","href":"https:\/\/api.w.org\/{rel}","templated":true}]}}